{"id":88158,"date":"2017-07-01T15:10:09","date_gmt":"2017-07-01T15:10:09","guid":{"rendered":"http:\/\/www.ceramictiles.com\/srbija\/product\/taiga-pino\/"},"modified":"2025-12-31T00:01:46","modified_gmt":"2025-12-31T00:01:46","slug":"taiga-pino","status":"publish","type":"product","link":"https:\/\/www.keramika.com\/srbija\/taiga-pino\/","title":{"rendered":"Taiga pino"},"content":{"rendered":"<p>Dimenzije ovih plo\u010dica su 33&#215;33 cm. plo\u010dica proizvo\u0111a\u010da Exagres iz \u0160panije. Ova plo\u010dica je debela 11 mm i zato je izuzetno izdr\u017eljiva. Ove braon kerami\u010dke plo\u010dice, obogatit \u0107e svaki prostor. Redovna cena, ovih plo\u010dica u maloprodaji je 1035 RSD. U na\u0161oj online trgovini, je mo\u017eete kupiti za 828 RSD.<\/p>\n<p>Technical description: <a class=\"pdfcatal\" onclick=\"recordOutboundLink(this, 'E-mail', 'Description PDF');return false;\" href=\"\/\/www.ceramictiles.com\/pdf\/exagres\/catalogue_exagres_taiga.pdf\"> Catalogue Exagres Taiga <\/a><br \/><a class=\"pdfcatal\" onclick=\"recordOutboundLink(this, 'E-mail', 'Description PDF');return false;\" href=\"\/\/www.ceramictiles.com\/pdf\/exagres\/clinker_special_pieces.pdf\">Clinker special pieces<\/a><br \/><a class=\"pdfcatal\" onclick=\"recordOutboundLink(this, 'E-mail', 'Description PDF');return false;\" href=\"\/\/www.ceramictiles.com\/pdf\/exagres\/clinker_technical_characteristics .pdf\">Clinker technical characteristics<\/a><br \/><a class=\"pdfcatal\" onclick=\"recordOutboundLink(this, 'E-mail', 'Description PDF');return false;\" href=\"\/\/www.ceramictiles.com\/pdf\/exagres\/clinker_packing_list.pdf \">Clinker packing list<\/a><br \/><a class=\"pdfcatal\" href=\"\/\/www.ceramictiles.com\/pdf\/e-ceramica\/clinker_catalogue.pdf\"> Klinker catalogue <\/a><\/p>\n","protected":false},"excerpt":{"rendered":"<p>Dimenzije ovih plo\u010dica su 33&#215;33 cm. plo\u010dica proizvo\u0111a\u010da Exagres iz \u0160panije. Ova plo\u010dica je debela 11 mm i zato je izuzetno izdr\u017eljiva. Ove braon kerami\u010dke plo\u010dice, obogatit \u0107e svaki prostor. Redovna cena, ovih plo\u010dica u maloprodaji je 1035 RSD. U na\u0161oj online trgovini, je mo\u017eete kupiti za 828 RSD. Technical description: Catalogue Exagres Taiga Clinker [&hellip;]<\/p>\n","protected":false},"featured_media":88159,"template":"","meta":[],"product_cat":[99928,100,999,120],"product_tag":[],"_links":{"self":[{"href":"https:\/\/www.keramika.com\/srbija\/wp-json\/wp\/v2\/product\/88158"}],"collection":[{"href":"https:\/\/www.keramika.com\/srbija\/wp-json\/wp\/v2\/product"}],"about":[{"href":"https:\/\/www.keramika.com\/srbija\/wp-json\/wp\/v2\/types\/product"}],"wp:featuredmedia":[{"embeddable":true,"href":"https:\/\/www.keramika.com\/srbija\/wp-json\/wp\/v2\/media\/88159"}],"wp:attachment":[{"href":"https:\/\/www.keramika.com\/srbija\/wp-json\/wp\/v2\/media?parent=88158"}],"wp:term":[{"taxonomy":"product_cat","embeddable":true,"href":"https:\/\/www.keramika.com\/srbija\/wp-json\/wp\/v2\/product_cat?post=88158"},{"taxonomy":"product_tag","embeddable":true,"href":"https:\/\/www.keramika.com\/srbija\/wp-json\/wp\/v2\/product_tag?post=88158"}],"curies":[{"name":"wp","href":"https:\/\/api.w.org\/{rel}","templated":true}]}}