{"id":88112,"date":"2017-08-25T15:03:35","date_gmt":"2017-08-25T15:03:35","guid":{"rendered":"http:\/\/www.ceramictiles.com\/srbija\/product\/urinal-13004-b\/"},"modified":"2025-12-31T00:01:39","modified_gmt":"2025-12-31T00:01:39","slug":"toalet-pisoar-inoks-13004","status":"publish","type":"product","link":"https:\/\/www.keramika.com\/srbija\/toalet-pisoar-inoks-13004\/","title":{"rendered":"Toalet pisoar inoks 13004"},"content":{"rendered":"<p>13004.B Urinal<br \/><a class=\"pdfcatal\" href=\"\/\/www.ceramictiles.com\/pdf\/e-ceramica\/inox_sanitary_ware.pdf\">Inox sanitarna oprema katalog &#8211; cenik<\/a><br \/>\nMonta\u017ea na zid sa horizontalnim izlazom vode P<br \/>\nMaterijal: AISI 304 ner\u0111ajuc\u0301i \u010delik<br \/>\nDebljina plo\u010de 1,5 mm (pisoar), 1,2 mm (bo\u010dna plo\u010da).<br \/>\nPolirana zavr\u0161na obrada<br \/>\nDimenzije: 696 visina x 366 \u0161irina x 336 dubina (mm).<br \/>\nUlaz za vodu \u00bd &#8222;, izlaz za vodu 2&#8220;<\/p>\n","protected":false},"excerpt":{"rendered":"<p>Pisar od ner\u0111ajuc\u0301eg \u010delika AISI 304, montiran na zid.<br \/>\nPogodno za prikriveni ulazni vode u pisoar.<\/p>\n","protected":false},"featured_media":88113,"template":"","meta":[],"product_cat":[500,99921413,999,510,511,512],"product_tag":[],"_links":{"self":[{"href":"https:\/\/www.keramika.com\/srbija\/wp-json\/wp\/v2\/product\/88112"}],"collection":[{"href":"https:\/\/www.keramika.com\/srbija\/wp-json\/wp\/v2\/product"}],"about":[{"href":"https:\/\/www.keramika.com\/srbija\/wp-json\/wp\/v2\/types\/product"}],"wp:featuredmedia":[{"embeddable":true,"href":"https:\/\/www.keramika.com\/srbija\/wp-json\/wp\/v2\/media\/88113"}],"wp:attachment":[{"href":"https:\/\/www.keramika.com\/srbija\/wp-json\/wp\/v2\/media?parent=88112"}],"wp:term":[{"taxonomy":"product_cat","embeddable":true,"href":"https:\/\/www.keramika.com\/srbija\/wp-json\/wp\/v2\/product_cat?post=88112"},{"taxonomy":"product_tag","embeddable":true,"href":"https:\/\/www.keramika.com\/srbija\/wp-json\/wp\/v2\/product_tag?post=88112"}],"curies":[{"name":"wp","href":"https:\/\/api.w.org\/{rel}","templated":true}]}}