{"id":87428,"date":"2017-07-01T13:36:05","date_gmt":"2017-07-01T13:36:05","guid":{"rendered":"http:\/\/www.ceramictiles.com\/srbija\/product\/prisma-rojo\/"},"modified":"2025-12-31T00:00:17","modified_gmt":"2025-12-31T00:00:17","slug":"prisma-rojo","status":"publish","type":"product","link":"https:\/\/www.keramika.com\/srbija\/prisma-rojo\/","title":{"rendered":"Prisma Rojo"},"content":{"rendered":"<p>Zbog ni\u017eih tro\u0161kova, online prodaje, Vi \u0107e te na na\u0161oj strani ove plo\u010de platiti samo 2110,25 RSD. \u0160irina i du\u017eina plo\u010dice su 31,6&#215;31,6 cm. Prisma Rojo dolazi iz \u0160panije, koja je poznata po vrlo visokoj kvaliteta keramike u svetu. Debljina plo\u010dice, je vrlo va\u017ena 9 mm i ubraja tu plo\u010dicu me\u0111u najkvalitetnije. Ove crvene kerami\u010dke plo\u010dice, obogatit \u0107e svaki prostor.<\/p>\n","protected":false},"excerpt":{"rendered":"<p>Zbog ni\u017eih tro\u0161kova, online prodaje, Vi \u0107e te na na\u0161oj strani ove plo\u010de platiti samo 2110,25 RSD. \u0160irina i du\u017eina plo\u010dice su 31,6&#215;31,6 cm. Prisma Rojo dolazi iz \u0160panije, koja je poznata po vrlo visokoj kvaliteta keramike u svetu. Debljina plo\u010dice, je vrlo va\u017ena 9 mm i ubraja tu plo\u010dicu me\u0111u najkvalitetnije. Ove crvene kerami\u010dke [&hellip;]<\/p>\n","protected":false},"featured_media":87429,"template":"","meta":[],"product_cat":[210,99946,200,240,999],"product_tag":[],"_links":{"self":[{"href":"https:\/\/www.keramika.com\/srbija\/wp-json\/wp\/v2\/product\/87428"}],"collection":[{"href":"https:\/\/www.keramika.com\/srbija\/wp-json\/wp\/v2\/product"}],"about":[{"href":"https:\/\/www.keramika.com\/srbija\/wp-json\/wp\/v2\/types\/product"}],"wp:featuredmedia":[{"embeddable":true,"href":"https:\/\/www.keramika.com\/srbija\/wp-json\/wp\/v2\/media\/87429"}],"wp:attachment":[{"href":"https:\/\/www.keramika.com\/srbija\/wp-json\/wp\/v2\/media?parent=87428"}],"wp:term":[{"taxonomy":"product_cat","embeddable":true,"href":"https:\/\/www.keramika.com\/srbija\/wp-json\/wp\/v2\/product_cat?post=87428"},{"taxonomy":"product_tag","embeddable":true,"href":"https:\/\/www.keramika.com\/srbija\/wp-json\/wp\/v2\/product_tag?post=87428"}],"curies":[{"name":"wp","href":"https:\/\/api.w.org\/{rel}","templated":true}]}}