{"id":87372,"date":"2017-07-01T13:30:52","date_gmt":"2017-07-01T13:30:52","guid":{"rendered":"http:\/\/www.ceramictiles.com\/srbija\/product\/bambu-marfil\/"},"modified":"2025-12-31T00:00:12","modified_gmt":"2025-12-31T00:00:12","slug":"bambu-marfil","status":"publish","type":"product","link":"https:\/\/www.keramika.com\/srbija\/bambu-marfil\/","title":{"rendered":"Bambu Marfil"},"content":{"rendered":"<p>Ta kolekcija, model plo\u010dice, se prodaje najvi\u0161e braon boje. Plo\u010dica na sliki je 25&#215;36,5 cm. Ove plo\u010dice dolaze od proizvo\u0111a\u010da Halcon Ceramicas, iz \u0160panije. 9 mm debljine je dovoljno za zahtevnije kupce. Bambu Marfil je dostupna po vrlo povoljnim cenama 1600,8 RSD.<\/p>\n","protected":false},"excerpt":{"rendered":"<p>Ta kolekcija, model plo\u010dice, se prodaje najvi\u0161e braon boje. Plo\u010dica na sliki je 25&#215;36,5 cm. Ove plo\u010dice dolaze od proizvo\u0111a\u010da Halcon Ceramicas, iz \u0160panije. 9 mm debljine je dovoljno za zahtevnije kupce. Bambu Marfil je dostupna po vrlo povoljnim cenama 1600,8 RSD.<\/p>\n","protected":false},"featured_media":87373,"template":"","meta":[],"product_cat":[210,99946,200,999,250],"product_tag":[],"_links":{"self":[{"href":"https:\/\/www.keramika.com\/srbija\/wp-json\/wp\/v2\/product\/87372"}],"collection":[{"href":"https:\/\/www.keramika.com\/srbija\/wp-json\/wp\/v2\/product"}],"about":[{"href":"https:\/\/www.keramika.com\/srbija\/wp-json\/wp\/v2\/types\/product"}],"wp:featuredmedia":[{"embeddable":true,"href":"https:\/\/www.keramika.com\/srbija\/wp-json\/wp\/v2\/media\/87373"}],"wp:attachment":[{"href":"https:\/\/www.keramika.com\/srbija\/wp-json\/wp\/v2\/media?parent=87372"}],"wp:term":[{"taxonomy":"product_cat","embeddable":true,"href":"https:\/\/www.keramika.com\/srbija\/wp-json\/wp\/v2\/product_cat?post=87372"},{"taxonomy":"product_tag","embeddable":true,"href":"https:\/\/www.keramika.com\/srbija\/wp-json\/wp\/v2\/product_tag?post=87372"}],"curies":[{"name":"wp","href":"https:\/\/api.w.org\/{rel}","templated":true}]}}