{"id":87358,"date":"2017-07-01T13:29:16","date_gmt":"2017-07-01T13:29:16","guid":{"rendered":"http:\/\/www.ceramictiles.com\/srbija\/product\/vidrio-lila-mix\/"},"modified":"2025-12-31T00:00:10","modified_gmt":"2025-12-31T00:00:10","slug":"vidrio-lila-mix","status":"publish","type":"product","link":"https:\/\/www.keramika.com\/srbija\/vidrio-lila-mix\/","title":{"rendered":"Vidrio Lila Mix"},"content":{"rendered":"<p>Ovaj mozaik je proizveden od proizvo\u0111a\u010da Halcon Ceramicas, iz \u0160panije. Ove lepe, mozaik plo\u010dice ljubi\u010daste boje, \u0107e obogatiti svaki prostor. 6 mm debljine je dovoljno za zahtevnije kupce. Veli\u010dina mre\u017ee 32,7&#215;32,7 cm nakoju je pritvr\u0111en, omogu\u0107ava pritvr\u0111ivanje na razli\u010dite povr\u0161ine. Vidrio Lila Mix je dostupna po vrlo povoljnim cenama 2162 RSD.<\/p>\n","protected":false},"excerpt":{"rendered":"<p>Ovaj mozaik je proizveden od proizvo\u0111a\u010da Halcon Ceramicas, iz \u0160panije. Ove lepe, mozaik plo\u010dice ljubi\u010daste boje, \u0107e obogatiti svaki prostor. 6 mm debljine je dovoljno za zahtevnije kupce. Veli\u010dina mre\u017ee 32,7&#215;32,7 cm nakoju je pritvr\u0111en, omogu\u0107ava pritvr\u0111ivanje na razli\u010dite povr\u0161ine. Vidrio Lila Mix je dostupna po vrlo povoljnim cenama 2162 RSD.<\/p>\n","protected":false},"featured_media":87359,"template":"","meta":[],"product_cat":[99946,400,999,430],"product_tag":[],"_links":{"self":[{"href":"https:\/\/www.keramika.com\/srbija\/wp-json\/wp\/v2\/product\/87358"}],"collection":[{"href":"https:\/\/www.keramika.com\/srbija\/wp-json\/wp\/v2\/product"}],"about":[{"href":"https:\/\/www.keramika.com\/srbija\/wp-json\/wp\/v2\/types\/product"}],"wp:featuredmedia":[{"embeddable":true,"href":"https:\/\/www.keramika.com\/srbija\/wp-json\/wp\/v2\/media\/87359"}],"wp:attachment":[{"href":"https:\/\/www.keramika.com\/srbija\/wp-json\/wp\/v2\/media?parent=87358"}],"wp:term":[{"taxonomy":"product_cat","embeddable":true,"href":"https:\/\/www.keramika.com\/srbija\/wp-json\/wp\/v2\/product_cat?post=87358"},{"taxonomy":"product_tag","embeddable":true,"href":"https:\/\/www.keramika.com\/srbija\/wp-json\/wp\/v2\/product_tag?post=87358"}],"curies":[{"name":"wp","href":"https:\/\/api.w.org\/{rel}","templated":true}]}}