{"id":87308,"date":"2017-07-01T13:23:00","date_gmt":"2017-07-01T13:23:00","guid":{"rendered":"http:\/\/www.ceramictiles.com\/srbija\/product\/metal-onix\/"},"modified":"2025-12-31T00:00:07","modified_gmt":"2025-12-31T00:00:07","slug":"metal-onix","status":"publish","type":"product","link":"https:\/\/www.keramika.com\/srbija\/metal-onix\/","title":{"rendered":"Metal Onix"},"content":{"rendered":"<p>Metal Onix dolazi iz \u0160panije, koja je poznata po vrlo visokoj kvaliteta keramike u svetu. Na na\u0161em sajtu, \u0107e te dobiti mozaik za samo 3979 RSD, dok je u maloprodaji 4973,75 RSD. \u0160irina i du\u017eina mre\u017ee na koju je pritvr\u0111en mozaik je 30&#215;30 cm. Mre\u017ea se jednostavno mo\u017eete polo\u017eiti na razli\u010dite povr\u0161ine. 6 mm debljina \u0107e zadovoljiti i najzahtevnije kupce. Naj vi\u0161e se prodaju sive mozik plo\u010dice.<\/p>\n","protected":false},"excerpt":{"rendered":"<p>Metal Onix dolazi iz \u0160panije, koja je poznata po vrlo visokoj kvaliteta keramike u svetu. Na na\u0161em sajtu, \u0107e te dobiti mozaik za samo 3979 RSD, dok je u maloprodaji 4973,75 RSD. \u0160irina i du\u017eina mre\u017ee na koju je pritvr\u0111en mozaik je 30&#215;30 cm. Mre\u017ea se jednostavno mo\u017eete polo\u017eiti na razli\u010dite povr\u0161ine. 6 mm debljina [&hellip;]<\/p>\n","protected":false},"featured_media":87309,"template":"","meta":[],"product_cat":[99946,440,400,999],"product_tag":[],"_links":{"self":[{"href":"https:\/\/www.keramika.com\/srbija\/wp-json\/wp\/v2\/product\/87308"}],"collection":[{"href":"https:\/\/www.keramika.com\/srbija\/wp-json\/wp\/v2\/product"}],"about":[{"href":"https:\/\/www.keramika.com\/srbija\/wp-json\/wp\/v2\/types\/product"}],"wp:featuredmedia":[{"embeddable":true,"href":"https:\/\/www.keramika.com\/srbija\/wp-json\/wp\/v2\/media\/87309"}],"wp:attachment":[{"href":"https:\/\/www.keramika.com\/srbija\/wp-json\/wp\/v2\/media?parent=87308"}],"wp:term":[{"taxonomy":"product_cat","embeddable":true,"href":"https:\/\/www.keramika.com\/srbija\/wp-json\/wp\/v2\/product_cat?post=87308"},{"taxonomy":"product_tag","embeddable":true,"href":"https:\/\/www.keramika.com\/srbija\/wp-json\/wp\/v2\/product_tag?post=87308"}],"curies":[{"name":"wp","href":"https:\/\/api.w.org\/{rel}","templated":true}]}}