{"id":99838,"date":"2017-03-22T22:27:15","date_gmt":"2017-03-22T22:27:15","guid":{"rendered":"http:\/\/keramika.holest.com\/slovenija\/product\/vidrepur-mozaik-mezcla-100108109-25x25\/"},"modified":"2026-01-01T00:00:23","modified_gmt":"2026-01-01T00:00:23","slug":"vidrepur-mozaik-mezcla-100108109-25x25","status":"publish","type":"product","link":"https:\/\/www.keramika.com\/slovenija\/vidrepur-mozaik-mezcla-100108109-25x25\/","title":{"rendered":"Vidrepur mozaik Mezcla 100\/108\/109 25&#215;25"},"content":{"rendered":"<p>Redna cena tega mozaika v maloprodaji zna\u0161a 30,22 EUR, v na\u0161i spletni trgovini pa ga lahko dobite \u017ee za 24,18 EUR. Zelo moderen mozaik v dominanti beli barvi popestri prav vsak prostor. 4 mm debeline je dovolj tudi za zahtevnej\u0161e kupce. Ta mozaik je izdelal proizvajalec Vidrepur, ki prihaja iz \u0160panije. Z velikostjo mre\u017ee 31,5&#215;31,5 cm na katero je pripet, je ta mozaik primeren ze razli\u010dne povr\u0161ine.<\/p>\n<p>Kliknite na ime kolekcije za ogled vseh plo\u0161\u010dic iz te serije: <a class=\"pdfcatal\" href=\"\/\/www.ceramictiles.com\/pdf\/vidrepur\/catalogue_vidrepur_mezclas_mixed.pdf\" onclick=\"recordOutboundLink(this, 'E-mail', 'Description PDF');return false;\">Vidrepur Mezclas<\/a><\/p>\n<p>\u010ce \u017eelite naro\u010diti model iz pdf kataloga te kolekcije, nam pi\u0161ite na: <a href=\"mailto:keramoteka.salon@gmail.com\" onclick=\"recordOutboundLink(this, 'E-mail', 'Description mail');return false;\">keramoteka.salon@gmail.com<\/a> ali pa nas pokli\u010dite na: +386 31 255 900.<\/p>\n<p>Technical description: <\/p>\n<p>Min. 1 box &#8211; Delivery 30 Euro\/box in EU<\/p>\n","protected":false},"excerpt":{"rendered":"<p>Redna cena tega mozaika v maloprodaji zna\u0161a 30,22 EUR, v na\u0161i spletni trgovini pa ga lahko dobite \u017ee za 24,18 EUR. Zelo moderen mozaik v dominanti beli barvi popestri prav vsak prostor. 4 mm debeline je dovolj tudi za zahtevnej\u0161e kupce. Ta mozaik je izdelal proizvajalec Vidrepur, ki prihaja iz \u0160panije. Z velikostjo mre\u017ee 31,5&#215;31,5 [&hellip;]<\/p>\n","protected":false},"featured_media":99839,"template":"","meta":[],"product_cat":[400,999,410,9991712],"product_tag":[],"_links":{"self":[{"href":"https:\/\/www.keramika.com\/slovenija\/wp-json\/wp\/v2\/product\/99838"}],"collection":[{"href":"https:\/\/www.keramika.com\/slovenija\/wp-json\/wp\/v2\/product"}],"about":[{"href":"https:\/\/www.keramika.com\/slovenija\/wp-json\/wp\/v2\/types\/product"}],"wp:featuredmedia":[{"embeddable":true,"href":"https:\/\/www.keramika.com\/slovenija\/wp-json\/wp\/v2\/media\/99839"}],"wp:attachment":[{"href":"https:\/\/www.keramika.com\/slovenija\/wp-json\/wp\/v2\/media?parent=99838"}],"wp:term":[{"taxonomy":"product_cat","embeddable":true,"href":"https:\/\/www.keramika.com\/slovenija\/wp-json\/wp\/v2\/product_cat?post=99838"},{"taxonomy":"product_tag","embeddable":true,"href":"https:\/\/www.keramika.com\/slovenija\/wp-json\/wp\/v2\/product_tag?post=99838"}],"curies":[{"name":"wp","href":"https:\/\/api.w.org\/{rel}","templated":true}]}}