{"id":99498,"date":"2017-03-22T22:20:54","date_gmt":"2017-03-22T22:20:54","guid":{"rendered":"http:\/\/keramika.holest.com\/slovenija\/product\/vidrepur-mozaik-pincel-ocre-12x12\/"},"modified":"2025-12-31T00:03:15","modified_gmt":"2025-12-31T00:03:15","slug":"vidrepur-mozaik-pincel-ocre-12x12","status":"publish","type":"product","link":"https:\/\/www.keramika.com\/slovenija\/vidrepur-mozaik-pincel-ocre-12x12\/","title":{"rendered":"Vidrepur mozaik Pincel Ocre 12&#215;12"},"content":{"rendered":"<p>Redna cena tega mozaika v maloprodaji zna\u0161a 285,88 EUR, v na\u0161i spletni trgovini pa ga lahko dobite \u017ee za 228,7 EUR. 4 mm debeline je dovolj tudi za zahtevnej\u0161e kupce. Z 30,3&#215;30,3 cm je mre\u017ea na katero so pripete te mozaik plo\u0161\u010dice primerna za razli\u010dne podlage. Vidrepur mosaico Pincel Ocre 12&#215;12 je pripeljana iz \u0160panije in je zelo kvalitetna. Letos so mozaiki v be\u017e barvi zelo za\u017eeljeni.<\/p>\n<p>Kliknite na ime kolekcije za ogled vseh plo\u0161\u010dic iz te serije: <a class=\"pdfcatal\" href=\"\/\/www.ceramictiles.com\/pdf\/vidrepur\/catalogue_vidrepur_titanium.pdf\" onclick=\"recordOutboundLink(this, 'E-mail', 'Description PDF');return false;\">Vidrepur Titanium<\/a><\/p>\n<p>\u010ce \u017eelite naro\u010diti model iz pdf kataloga te kolekcije, nam pi\u0161ite na: <a href=\"mailto:keramoteka.salon@gmail.com\" onclick=\"recordOutboundLink(this, 'E-mail', 'Description mail');return false;\">keramoteka.salon@gmail.com<\/a> ali pa nas pokli\u010dite na: +386 31 255 900.<\/p>\n<p>Technical description: <\/p>\n<p>Min. 1 box &#8211; Delivery 30 Euro\/box in EU<\/p>\n","protected":false},"excerpt":{"rendered":"<p>Redna cena tega mozaika v maloprodaji zna\u0161a 285,88 EUR, v na\u0161i spletni trgovini pa ga lahko dobite \u017ee za 228,7 EUR. 4 mm debeline je dovolj tudi za zahtevnej\u0161e kupce. Z 30,3&#215;30,3 cm je mre\u017ea na katero so pripete te mozaik plo\u0161\u010dice primerna za razli\u010dne podlage. Vidrepur mosaico Pincel Ocre 12&#215;12 je pripeljana iz \u0160panije [&hellip;]<\/p>\n","protected":false},"featured_media":99499,"template":"","meta":[],"product_cat":[400,999,410,9991712],"product_tag":[],"_links":{"self":[{"href":"https:\/\/www.keramika.com\/slovenija\/wp-json\/wp\/v2\/product\/99498"}],"collection":[{"href":"https:\/\/www.keramika.com\/slovenija\/wp-json\/wp\/v2\/product"}],"about":[{"href":"https:\/\/www.keramika.com\/slovenija\/wp-json\/wp\/v2\/types\/product"}],"wp:featuredmedia":[{"embeddable":true,"href":"https:\/\/www.keramika.com\/slovenija\/wp-json\/wp\/v2\/media\/99499"}],"wp:attachment":[{"href":"https:\/\/www.keramika.com\/slovenija\/wp-json\/wp\/v2\/media?parent=99498"}],"wp:term":[{"taxonomy":"product_cat","embeddable":true,"href":"https:\/\/www.keramika.com\/slovenija\/wp-json\/wp\/v2\/product_cat?post=99498"},{"taxonomy":"product_tag","embeddable":true,"href":"https:\/\/www.keramika.com\/slovenija\/wp-json\/wp\/v2\/product_tag?post=99498"}],"curies":[{"name":"wp","href":"https:\/\/api.w.org\/{rel}","templated":true}]}}