{"id":99212,"date":"2017-06-22T22:16:30","date_gmt":"2017-06-22T22:16:30","guid":{"rendered":"http:\/\/keramika.holest.com\/slovenija\/product\/keramika-imitacija-lesa-emigres-canada-marron\/"},"modified":"2025-12-31T00:02:41","modified_gmt":"2025-12-31T00:02:41","slug":"keramika-imitacija-lesa-emigres-canada-marron","status":"publish","type":"product","link":"https:\/\/www.keramika.com\/slovenija\/keramika-imitacija-lesa-emigres-canada-marron\/","title":{"rendered":"Keramika imitacija lesa Emigres Canada marron"},"content":{"rendered":"<p>Keramika v sivi barvi popestri vsak prostor. \u0160irina in dol\u017eina te plo\u0161\u010dice sta 15&#215;49 cm. Debelina plo\u0161\u010dice je zelo pomembna in 9 mm uvr\u0161\u010da to plo\u0161\u010dico med najkvalitetnej\u0161e. Emigres Canada marron prihaja iz \u0160panije, ki je znana po zelo kvalitetni keramiki v svetovnem merilu. Redna cena te plo\u0161\u010dice v maloprodaji zna\u0161a 27,84 EUR, v na\u0161i spletni trgovini pa jo lahko dobite \u017ee za 22,28 EUR.<\/p>\n<p>Kliknite na ime kolekcije za ogled vseh plo\u0161\u010dic iz te serije: <a class=\"pdfcatal\" href=\"\/\/www.ceramictiles.com\/pdf\/emigres\/catalogue_emigres_canada.pdf\" onclick=\"recordOutboundLink(this, 'E-mail', 'Description PDF');return false;\">Emigres Canada<\/a><\/p>\n<p>\u010ce \u017eelite naro\u010diti model iz pdf kataloga te kolekcije, nam pi\u0161ite na: <a href=\"mailto:keramoteka.salon@gmail.com\" onclick=\"recordOutboundLink(this, 'E-mail', 'Description mail');return false;\">keramoteka.salon@gmail.com<\/a> ali pa nas pokli\u010dite na: 031 255 900.<\/p>\n<p>Technical description: <br \/> F 15&#215;49 <br \/>Canad\u00e1 Beige ; Canad\u00e1 Marr\u00f3n ; Canad\u00e1 Gris ; Canad\u00e1 Wengu\u00e9 ;<\/p>\n","protected":false},"excerpt":{"rendered":"<p><a class=\"pdfcatal\" href=\" https:\/\/www.ceramictiles.com\/pdf\/catalogue_emigres.pdf \" onclick=\"recordOutboundLink(this, &#039;E-mail&#039;, &#039;Description PDF&#039;);return false;\"> Splo\u0161ni katalog z vsemi zbirkami Emigres v ponudbi<\/a><\/p>\n","protected":false},"featured_media":99213,"template":"","meta":[],"product_cat":[210,9991089,200,280,260,999,250,270],"product_tag":[99921976],"_links":{"self":[{"href":"https:\/\/www.keramika.com\/slovenija\/wp-json\/wp\/v2\/product\/99212"}],"collection":[{"href":"https:\/\/www.keramika.com\/slovenija\/wp-json\/wp\/v2\/product"}],"about":[{"href":"https:\/\/www.keramika.com\/slovenija\/wp-json\/wp\/v2\/types\/product"}],"wp:featuredmedia":[{"embeddable":true,"href":"https:\/\/www.keramika.com\/slovenija\/wp-json\/wp\/v2\/media\/99213"}],"wp:attachment":[{"href":"https:\/\/www.keramika.com\/slovenija\/wp-json\/wp\/v2\/media?parent=99212"}],"wp:term":[{"taxonomy":"product_cat","embeddable":true,"href":"https:\/\/www.keramika.com\/slovenija\/wp-json\/wp\/v2\/product_cat?post=99212"},{"taxonomy":"product_tag","embeddable":true,"href":"https:\/\/www.keramika.com\/slovenija\/wp-json\/wp\/v2\/product_tag?post=99212"}],"curies":[{"name":"wp","href":"https:\/\/api.w.org\/{rel}","templated":true}]}}