{"id":99202,"date":"2017-03-22T22:16:22","date_gmt":"2017-03-22T22:16:22","guid":{"rendered":"http:\/\/keramika.holest.com\/slovenija\/product\/ploscice-imitacija-kamna-emigres-bigstone-aran\/"},"modified":"2025-12-31T00:02:39","modified_gmt":"2025-12-31T00:02:39","slug":"ploscice-imitacija-kamna-emigres-bigstone-aran","status":"publish","type":"product","link":"https:\/\/www.keramika.com\/slovenija\/ploscice-imitacija-kamna-emigres-bigstone-aran\/","title":{"rendered":"Plo\u0161\u010dice imitacija kamna Emigres Bigstone Aran"},"content":{"rendered":"<p>Keramika v rjavi barvi popestri vsak prostor. Z velikostjo 40&#215;57 cm je ta plo\u0161\u010dica primerna ze razli\u010dne povr\u0161ine. 37,12 EUR v klasi\u010dni trgovini, pri nas pa le 29,7 EUR. Emigres Bigstone Aran je pripeljana iz \u0160panije in je zelo kvalitetna. 9 mm debeline je dovolj tudi za zahtevnej\u0161e kupce.<\/p>\n<p>Kliknite na ime kolekcije za ogled vseh plo\u0161\u010dic iz te serije: <a class=\"pdfcatal\" href=\"\/\/www.ceramictiles.com\/pdf\/emigres\/catalogue_emigres_aran.pdf\" onclick=\"recordOutboundLink(this, 'E-mail', 'Description PDF');return false;\">Emigres Aran<\/a><\/p>\n<p>\u010ce \u017eelite naro\u010diti model iz pdf kataloga te kolekcije, nam pi\u0161ite na: <a href=\"mailto:keramoteka.salon@gmail.com\" onclick=\"recordOutboundLink(this, 'E-mail', 'Description mail');return false;\">keramoteka.salon@gmail.com<\/a> ali pa nas pokli\u010dite na: 031 255 900.<\/p>\n<p>Technical description: <br \/> W 40&#215;57 <br \/>Aran Beige ; Aran Marr\u00f3n ; Aran Ocre ;<\/p>\n","protected":false},"excerpt":{"rendered":"<p>Keramika v rjavi barvi popestri vsak prostor. Z velikostjo 40&#215;57 cm je ta plo\u0161\u010dica primerna ze razli\u010dne povr\u0161ine. 37,12 EUR v klasi\u010dni trgovini, pri nas pa le 29,7 EUR. Emigres Bigstone Aran je pripeljana iz \u0160panije in je zelo kvalitetna. 9 mm debeline je dovolj tudi za zahtevnej\u0161e kupce. Kliknite na ime kolekcije za ogled [&hellip;]<\/p>\n","protected":false},"featured_media":99203,"template":"","meta":[],"product_cat":[210,9991089,200,260,999,250,240],"product_tag":[],"_links":{"self":[{"href":"https:\/\/www.keramika.com\/slovenija\/wp-json\/wp\/v2\/product\/99202"}],"collection":[{"href":"https:\/\/www.keramika.com\/slovenija\/wp-json\/wp\/v2\/product"}],"about":[{"href":"https:\/\/www.keramika.com\/slovenija\/wp-json\/wp\/v2\/types\/product"}],"wp:featuredmedia":[{"embeddable":true,"href":"https:\/\/www.keramika.com\/slovenija\/wp-json\/wp\/v2\/media\/99203"}],"wp:attachment":[{"href":"https:\/\/www.keramika.com\/slovenija\/wp-json\/wp\/v2\/media?parent=99202"}],"wp:term":[{"taxonomy":"product_cat","embeddable":true,"href":"https:\/\/www.keramika.com\/slovenija\/wp-json\/wp\/v2\/product_cat?post=99202"},{"taxonomy":"product_tag","embeddable":true,"href":"https:\/\/www.keramika.com\/slovenija\/wp-json\/wp\/v2\/product_tag?post=99202"}],"curies":[{"name":"wp","href":"https:\/\/api.w.org\/{rel}","templated":true}]}}