{"id":99190,"date":"2017-03-22T22:16:13","date_gmt":"2017-03-22T22:16:13","guid":{"rendered":"http:\/\/keramika.holest.com\/slovenija\/product\/3d-ploscice-emigres-andorra\/"},"modified":"2025-12-31T00:02:37","modified_gmt":"2025-12-31T00:02:37","slug":"3d-ploscice-emigres-andorra","status":"publish","type":"product","link":"https:\/\/www.keramika.com\/slovenija\/3d-ploscice-emigres-andorra\/","title":{"rendered":"3D plo\u0161\u010dice Emigres Andorra"},"content":{"rendered":"<p>Z velikostjo 15&#215;50 cm je ta plo\u0161\u010dica primerna ze razli\u010dne povr\u0161ine. Keramika v oran\u017eni barvi popestri vsak prostor. Na spletu boste za to plo\u0161\u010dico od\u0161teli le 16,48 EUR, medtem ko v redni prodaji cena zna\u0161a 20,59 EUR. Prihaja iz \u0160panije, ki po svetu slovi kot ena bolj\u0161ih proizvajalk kerami\u010dnih plo\u0161\u010dic. Plo\u0161\u010dica je debela kar 9 mm, kar jo uvr\u0161\u010da med bolj trde plo\u0161\u010dice.<\/p>\n<p>Kliknite na ime kolekcije za ogled vseh plo\u0161\u010dic iz te serije: <a class=\"pdfcatal\" href=\"\/\/www.ceramictiles.com\/pdf\/emigres\/catalogue_emigres_andorra.pdf\" onclick=\"recordOutboundLink(this, 'E-mail', 'Description PDF');return false;\">Emigres Andorra<\/a><\/p>\n<p>\u010ce \u017eelite naro\u010diti model iz pdf kataloga te kolekcije, nam pi\u0161ite na: <a href=\"mailto:keramoteka.salon@gmail.com\" onclick=\"recordOutboundLink(this, 'E-mail', 'Description mail');return false;\">keramoteka.salon@gmail.com<\/a> ali pa nas pokli\u010dite na: 031 255 900.<\/p>\n<p>Technical description: <br \/> W 15&#215;50 <br \/>Andorra Beige ; Andorra Marr\u00f3n ; Andorra Ocre ;<\/p>\n","protected":false},"excerpt":{"rendered":"<p>Z velikostjo 15&#215;50 cm je ta plo\u0161\u010dica primerna ze razli\u010dne povr\u0161ine. Keramika v oran\u017eni barvi popestri vsak prostor. Na spletu boste za to plo\u0161\u010dico od\u0161teli le 16,48 EUR, medtem ko v redni prodaji cena zna\u0161a 20,59 EUR. Prihaja iz \u0160panije, ki po svetu slovi kot ena bolj\u0161ih proizvajalk kerami\u010dnih plo\u0161\u010dic. Plo\u0161\u010dica je debela kar 9 [&hellip;]<\/p>\n","protected":false},"featured_media":99191,"template":"","meta":[],"product_cat":[210,9991089,200,230,260,999,250],"product_tag":[99921971],"_links":{"self":[{"href":"https:\/\/www.keramika.com\/slovenija\/wp-json\/wp\/v2\/product\/99190"}],"collection":[{"href":"https:\/\/www.keramika.com\/slovenija\/wp-json\/wp\/v2\/product"}],"about":[{"href":"https:\/\/www.keramika.com\/slovenija\/wp-json\/wp\/v2\/types\/product"}],"wp:featuredmedia":[{"embeddable":true,"href":"https:\/\/www.keramika.com\/slovenija\/wp-json\/wp\/v2\/media\/99191"}],"wp:attachment":[{"href":"https:\/\/www.keramika.com\/slovenija\/wp-json\/wp\/v2\/media?parent=99190"}],"wp:term":[{"taxonomy":"product_cat","embeddable":true,"href":"https:\/\/www.keramika.com\/slovenija\/wp-json\/wp\/v2\/product_cat?post=99190"},{"taxonomy":"product_tag","embeddable":true,"href":"https:\/\/www.keramika.com\/slovenija\/wp-json\/wp\/v2\/product_tag?post=99190"}],"curies":[{"name":"wp","href":"https:\/\/api.w.org\/{rel}","templated":true}]}}