{"id":99128,"date":"2017-03-22T22:15:33","date_gmt":"2017-03-22T22:15:33","guid":{"rendered":"http:\/\/keramika.holest.com\/slovenija\/product\/keramika-aparici-wind-ivory\/"},"modified":"2017-03-22T22:15:33","modified_gmt":"2017-03-22T22:15:33","slug":"keramika-aparici-wind-ivory","status":"publish","type":"product","link":"https:\/\/www.keramika.com\/slovenija\/keramika-aparici-wind-ivory\/","title":{"rendered":"Keramika Aparici Wind Ivory"},"content":{"rendered":"<p>Keramika v be\u017e barvi popestri vsak prostor. Velikost te plo\u0161\u010dice je 31,6&#215;59,2 cm in je primerna za razli\u010dne povr\u0161ine. Ceramicas Aparici Wind Ivory je plo\u0161\u010dica proizvajalca Aparici in prihaja iz \u0160panije. Debelina kar 9 mm dela to plo\u0161\u010dico zelo trpe\u017eno in presti\u017eno na otip.<\/p>\n<p>Kliknite na ime kolekcije za ogled vseh plo\u0161\u010dic iz te serije: <a class=\"pdfcatal\" href=\"\/\/www.ceramictiles.com\/pdf\/aparici\/catalogue_aparici_wind.pdf\" onclick=\"recordOutboundLink(this, 'E-mail', 'Description PDF');return false;\">Aparici Wind<\/a><\/p>\n<p>\u010ce \u017eelite naro\u010diti model iz pdf kataloga te kolekcije, nam pi\u0161ite na: <a href=\"mailto:keramoteka.salon@gmail.com\" onclick=\"recordOutboundLink(this, 'E-mail', 'Description mail');return false;\">keramoteka.salon@gmail.com<\/a> ali pa nas pokli\u010dite na: +386 31 255 900.<\/p>\n<p>Technical description: <br \/> W 31,6&#215;59,2 <br \/>Wind Ivory ; Wind Ivory Acoustic ; Wind Beige ; Wind Beige Acoustic ; Wind Black Acoustic ;<\/p>\n","protected":false},"excerpt":{"rendered":"<p>Keramika v be\u017e barvi popestri vsak prostor. Velikost te plo\u0161\u010dice je 31,6&#215;59,2 cm in je primerna za razli\u010dne povr\u0161ine. Ceramicas Aparici Wind Ivory je plo\u0161\u010dica proizvajalca Aparici in prihaja iz \u0160panije. Debelina kar 9 mm dela to plo\u0161\u010dico zelo trpe\u017eno in presti\u017eno na otip. Kliknite na ime kolekcije za ogled vseh plo\u0161\u010dic iz te serije: [&hellip;]<\/p>\n","protected":false},"featured_media":99129,"template":"","meta":[],"product_cat":[999773,200,220,999,250,240],"product_tag":[],"_links":{"self":[{"href":"https:\/\/www.keramika.com\/slovenija\/wp-json\/wp\/v2\/product\/99128"}],"collection":[{"href":"https:\/\/www.keramika.com\/slovenija\/wp-json\/wp\/v2\/product"}],"about":[{"href":"https:\/\/www.keramika.com\/slovenija\/wp-json\/wp\/v2\/types\/product"}],"wp:featuredmedia":[{"embeddable":true,"href":"https:\/\/www.keramika.com\/slovenija\/wp-json\/wp\/v2\/media\/99129"}],"wp:attachment":[{"href":"https:\/\/www.keramika.com\/slovenija\/wp-json\/wp\/v2\/media?parent=99128"}],"wp:term":[{"taxonomy":"product_cat","embeddable":true,"href":"https:\/\/www.keramika.com\/slovenija\/wp-json\/wp\/v2\/product_cat?post=99128"},{"taxonomy":"product_tag","embeddable":true,"href":"https:\/\/www.keramika.com\/slovenija\/wp-json\/wp\/v2\/product_tag?post=99128"}],"curies":[{"name":"wp","href":"https:\/\/api.w.org\/{rel}","templated":true}]}}