{"id":99116,"date":"2017-03-22T22:15:23","date_gmt":"2017-03-22T22:15:23","guid":{"rendered":"http:\/\/keramika.holest.com\/slovenija\/product\/keramika-aparici-tirreno-crema\/"},"modified":"2017-03-22T22:15:23","modified_gmt":"2017-03-22T22:15:23","slug":"keramika-aparici-tirreno-crema","status":"publish","type":"product","link":"https:\/\/www.keramika.com\/slovenija\/keramika-aparici-tirreno-crema\/","title":{"rendered":"Keramika Aparici Tirreno Crema"},"content":{"rendered":"<p>Keramika v beli barvi popestri vsak prostor. Velikost te plo\u0161\u010dice je 20&#215;20 cm in je primerna za razli\u010dne povr\u0161ine. Ceramicas Aparici Tirreno Crema je pripeljana iz \u0160panije in je zelo kvalitetna. Plo\u0161\u010dica je debela kar 9 mm, kar jo uvr\u0161\u010da med bolj trde plo\u0161\u010dice.<\/p>\n<p>Technical description: <br \/> W 20&#215;20 <br \/>Tirreno Crema ; Tirreno Crema Cuadro 1 ; Tirreno Crema Capitel ; Tirreno Crema Capitel Inglete ; Tirreno Crema Columna Inglete ; Tirreno Crema Columna ;<\/p>\n","protected":false},"excerpt":{"rendered":"<p>Keramika v beli barvi popestri vsak prostor. Velikost te plo\u0161\u010dice je 20&#215;20 cm in je primerna za razli\u010dne povr\u0161ine. Ceramicas Aparici Tirreno Crema je pripeljana iz \u0160panije in je zelo kvalitetna. Plo\u0161\u010dica je debela kar 9 mm, kar jo uvr\u0161\u010da med bolj trde plo\u0161\u010dice. Technical description: W 20&#215;20 Tirreno Crema ; Tirreno Crema Cuadro 1 [&hellip;]<\/p>\n","protected":false},"featured_media":99117,"template":"","meta":[],"product_cat":[999773,200,220,230,999,250,240],"product_tag":[],"_links":{"self":[{"href":"https:\/\/www.keramika.com\/slovenija\/wp-json\/wp\/v2\/product\/99116"}],"collection":[{"href":"https:\/\/www.keramika.com\/slovenija\/wp-json\/wp\/v2\/product"}],"about":[{"href":"https:\/\/www.keramika.com\/slovenija\/wp-json\/wp\/v2\/types\/product"}],"wp:featuredmedia":[{"embeddable":true,"href":"https:\/\/www.keramika.com\/slovenija\/wp-json\/wp\/v2\/media\/99117"}],"wp:attachment":[{"href":"https:\/\/www.keramika.com\/slovenija\/wp-json\/wp\/v2\/media?parent=99116"}],"wp:term":[{"taxonomy":"product_cat","embeddable":true,"href":"https:\/\/www.keramika.com\/slovenija\/wp-json\/wp\/v2\/product_cat?post=99116"},{"taxonomy":"product_tag","embeddable":true,"href":"https:\/\/www.keramika.com\/slovenija\/wp-json\/wp\/v2\/product_tag?post=99116"}],"curies":[{"name":"wp","href":"https:\/\/api.w.org\/{rel}","templated":true}]}}