{"id":98964,"date":"2017-04-22T22:13:25","date_gmt":"2017-04-22T22:13:25","guid":{"rendered":"http:\/\/keramika.holest.com\/slovenija\/product\/keramika-aparici-bulder-grey-random\/"},"modified":"2017-06-05T09:32:01","modified_gmt":"2017-06-05T09:32:01","slug":"keramika-aparici-bulder-grey-random","status":"publish","type":"product","link":"https:\/\/www.keramika.com\/slovenija\/keramika-aparici-bulder-grey-random\/","title":{"rendered":"Keramika Aparici Bulder Grey Random"},"content":{"rendered":"<p>Debelina plo\u0161\u010dice je zelo pomembna in 9 mm uvr\u0161\u010da to plo\u0161\u010dico med najkvalitetnej\u0161e. To plo\u0161\u010dico je izdelal proizvajalec Aparici, ki prihaja iz \u0160panije. Velikost te plo\u0161\u010dice je 25,1&#215;75,6 cm in je primerna za razli\u010dne povr\u0161ine. Pri izbiri plo\u0161\u010dice v beli barvi ne morete zgre\u0161iti.<\/p>\n<p>Kliknite na ime kolekcije za ogled vseh plo\u0161\u010dic iz te serije: <a class=\"pdfcatal\" href=\"\/\/www.ceramictiles.com\/pdf\/aparici\/catalogue_aparici_bulder.pdf\" onclick=\"recordOutboundLink(this, 'E-mail', 'Description PDF');return false;\">Aparici Bulder<\/a><\/p>\n<p>\u010ce \u017eelite naro\u010diti model iz pdf kataloga te kolekcije, nam pi\u0161ite na: <a href=\"mailto:keramoteka.salon@gmail.com\" onclick=\"recordOutboundLink(this, 'E-mail', 'Description mail');return false;\">keramoteka.salon@gmail.com<\/a> ali pa nas pokli\u010dite na: +386 31 255 900.<\/p>\n<p>Technical description: <br \/>  W &#038; F 25,1&#215;75,6 ; 49,1&#215;49,1 <br \/>Bulder Nacar Random ; Bulder Nac\u00e1r Gres ; Bulder Ambar Random ; Bulder Ambar Iris ; Bulder Ambar Gres ; Bulder Grey Random ; Bulder Grey Iris ; Bulder Grey Gres ;<\/p>\n","protected":false},"excerpt":{"rendered":"<p>Debelina plo\u0161\u010dice je zelo pomembna in 9 mm uvr\u0161\u010da to plo\u0161\u010dico med najkvalitetnej\u0161e. To plo\u0161\u010dico je izdelal proizvajalec Aparici, ki prihaja iz \u0160panije. Velikost te plo\u0161\u010dice je 25,1&#215;75,6 cm in je primerna za razli\u010dne povr\u0161ine. Pri izbiri plo\u0161\u010dice v beli barvi ne morete zgre\u0161iti. Kliknite na ime kolekcije za ogled vseh plo\u0161\u010dic iz te serije: [&hellip;]<\/p>\n","protected":false},"featured_media":98965,"template":"","meta":[],"product_cat":[999773,200,220,999,250,240],"product_tag":[99921971],"_links":{"self":[{"href":"https:\/\/www.keramika.com\/slovenija\/wp-json\/wp\/v2\/product\/98964"}],"collection":[{"href":"https:\/\/www.keramika.com\/slovenija\/wp-json\/wp\/v2\/product"}],"about":[{"href":"https:\/\/www.keramika.com\/slovenija\/wp-json\/wp\/v2\/types\/product"}],"wp:featuredmedia":[{"embeddable":true,"href":"https:\/\/www.keramika.com\/slovenija\/wp-json\/wp\/v2\/media\/98965"}],"wp:attachment":[{"href":"https:\/\/www.keramika.com\/slovenija\/wp-json\/wp\/v2\/media?parent=98964"}],"wp:term":[{"taxonomy":"product_cat","embeddable":true,"href":"https:\/\/www.keramika.com\/slovenija\/wp-json\/wp\/v2\/product_cat?post=98964"},{"taxonomy":"product_tag","embeddable":true,"href":"https:\/\/www.keramika.com\/slovenija\/wp-json\/wp\/v2\/product_tag?post=98964"}],"curies":[{"name":"wp","href":"https:\/\/api.w.org\/{rel}","templated":true}]}}