{"id":98930,"date":"2017-03-22T22:13:02","date_gmt":"2017-03-22T22:13:02","guid":{"rendered":"http:\/\/keramika.holest.com\/slovenija\/product\/keramika-aparici-absolut-ivory\/"},"modified":"2017-03-22T22:13:02","modified_gmt":"2017-03-22T22:13:02","slug":"keramika-aparici-absolut-ivory","status":"publish","type":"product","link":"https:\/\/www.keramika.com\/slovenija\/keramika-aparici-absolut-ivory\/","title":{"rendered":"Keramika Aparici Absolut Ivory"},"content":{"rendered":"<p>Plo\u0161\u010dica na sliki je velika 31,6&#215;75,6 cm. Zelo moderna plo\u0161\u010dica v be\u017e barvi popestri prav vsak prostor. 9 mm je debelina, ki zadovolji tudi zahtevnej\u0161e kupce. Ceramicas Aparici Absolut Ivory je pripeljana iz \u0160panije in je zelo kvalitetna.<\/p>\n<p>Kliknite na ime kolekcije za ogled vseh plo\u0161\u010dic iz te serije: <a class=\"pdfcatal\" href=\"\/\/www.ceramictiles.com\/pdf\/aparici\/catalogue_aparici_absolut.pdf\" onclick=\"recordOutboundLink(this, 'E-mail', 'Description PDF');return false;\">Aparici Absolut<\/a><\/p>\n<p>\u010ce \u017eelite naro\u010diti model iz pdf kataloga te kolekcije, nam pi\u0161ite na: <a href=\"mailto:keramoteka.salon@gmail.com\" onclick=\"recordOutboundLink(this, 'E-mail', 'Description mail');return false;\">keramoteka.salon@gmail.com<\/a> ali pa nas pokli\u010dite na: +386 31 255 900.<\/p>\n<p>Technical description: <br \/>  W &#038; F 31,6&#215;75,6 ; 49,1&#215;49,1 ; 24,5&#215;49,1 ; 24,5&#215;24,5 <br \/>Absolut Ivory ; Absolut Gold ; Absolut Gold Ornato ; Absolut Ivory Gres ; Absolut Gold Gres ;<\/p>\n","protected":false},"excerpt":{"rendered":"<p>Plo\u0161\u010dica na sliki je velika 31,6&#215;75,6 cm. Zelo moderna plo\u0161\u010dica v be\u017e barvi popestri prav vsak prostor. 9 mm je debelina, ki zadovolji tudi zahtevnej\u0161e kupce. Ceramicas Aparici Absolut Ivory je pripeljana iz \u0160panije in je zelo kvalitetna. Kliknite na ime kolekcije za ogled vseh plo\u0161\u010dic iz te serije: Aparici Absolut \u010ce \u017eelite naro\u010diti model [&hellip;]<\/p>\n","protected":false},"featured_media":98931,"template":"","meta":[],"product_cat":[999773,200,220,999,250,240],"product_tag":[],"_links":{"self":[{"href":"https:\/\/www.keramika.com\/slovenija\/wp-json\/wp\/v2\/product\/98930"}],"collection":[{"href":"https:\/\/www.keramika.com\/slovenija\/wp-json\/wp\/v2\/product"}],"about":[{"href":"https:\/\/www.keramika.com\/slovenija\/wp-json\/wp\/v2\/types\/product"}],"wp:featuredmedia":[{"embeddable":true,"href":"https:\/\/www.keramika.com\/slovenija\/wp-json\/wp\/v2\/media\/98931"}],"wp:attachment":[{"href":"https:\/\/www.keramika.com\/slovenija\/wp-json\/wp\/v2\/media?parent=98930"}],"wp:term":[{"taxonomy":"product_cat","embeddable":true,"href":"https:\/\/www.keramika.com\/slovenija\/wp-json\/wp\/v2\/product_cat?post=98930"},{"taxonomy":"product_tag","embeddable":true,"href":"https:\/\/www.keramika.com\/slovenija\/wp-json\/wp\/v2\/product_tag?post=98930"}],"curies":[{"name":"wp","href":"https:\/\/api.w.org\/{rel}","templated":true}]}}