{"id":98906,"date":"2017-03-22T22:12:50","date_gmt":"2017-03-22T22:12:50","guid":{"rendered":"http:\/\/keramika.holest.com\/slovenija\/product\/art-cenefa\/"},"modified":"2025-12-31T00:02:33","modified_gmt":"2025-12-31T00:02:33","slug":"art-cenefa","status":"publish","type":"product","link":"https:\/\/www.keramika.com\/slovenija\/art-cenefa\/","title":{"rendered":"Art cenefa"},"content":{"rendered":"<p>9 mm debeline je dovolj tudi za zahtevnej\u0161e kupce. Letos so plo\u0161\u010dice v beli barvi zelo za\u017eeljene. Art cenefa je plo\u0161\u010dica proizvajalca Exagres in prihaja iz \u0160panije. Dimenzije te plo\u0161\u010dice so 8&#215;33 cm. Na spletu boste za to plo\u0161\u010dico od\u0161teli le 16,48 EUR, medtem ko v redni prodaji cena zna\u0161a 20,59 EUR.<\/p>\n<p>Technical description: <a class=\"pdfcatal\" onclick=\"recordOutboundLink(this, 'E-mail', 'Description PDF');return false;\" href=\"\/\/www.ceramictiles.com\/pdf\/exagres\/catalogue_exagres_art.pdf\"> Catalogue Exagres Art <\/a><br \/><a class=\"pdfcatal\" onclick=\"recordOutboundLink(this, 'E-mail', 'Description PDF');return false;\" href=\"\/\/www.ceramictiles.com\/pdf\/exagres\/clinker_special_pieces.pdf\">Clinker special pieces<\/a><br \/><a class=\"pdfcatal\" onclick=\"recordOutboundLink(this, 'E-mail', 'Description PDF');return false;\" href=\"\/\/www.ceramictiles.com\/pdf\/exagres\/clinker_technical_characteristics .pdf\">Clinker technical characteristics<\/a><br \/><a class=\"pdfcatal\" onclick=\"recordOutboundLink(this, 'E-mail', 'Description PDF');return false;\" href=\"\/\/www.ceramictiles.com\/pdf\/exagres\/clinker_packing_list.pdf \">Clinker packing list<\/a><br \/><a class=\"pdfcatal\" href=\"\/\/www.ceramictiles.com\/pdf\/e-ceramica\/clinker_catalogue.pdf\"> Klinker catalogue <\/a><\/p>\n","protected":false},"excerpt":{"rendered":"<p>9 mm debeline je dovolj tudi za zahtevnej\u0161e kupce. Letos so plo\u0161\u010dice v beli barvi zelo za\u017eeljene. Art cenefa je plo\u0161\u010dica proizvajalca Exagres in prihaja iz \u0160panije. Dimenzije te plo\u0161\u010dice so 8&#215;33 cm. Na spletu boste za to plo\u0161\u010dico od\u0161teli le 16,48 EUR, medtem ko v redni prodaji cena zna\u0161a 20,59 EUR. Technical description: Catalogue [&hellip;]<\/p>\n","protected":false},"featured_media":98907,"template":"","meta":[],"product_cat":[99928,100,120,999],"product_tag":[],"_links":{"self":[{"href":"https:\/\/www.keramika.com\/slovenija\/wp-json\/wp\/v2\/product\/98906"}],"collection":[{"href":"https:\/\/www.keramika.com\/slovenija\/wp-json\/wp\/v2\/product"}],"about":[{"href":"https:\/\/www.keramika.com\/slovenija\/wp-json\/wp\/v2\/types\/product"}],"wp:featuredmedia":[{"embeddable":true,"href":"https:\/\/www.keramika.com\/slovenija\/wp-json\/wp\/v2\/media\/98907"}],"wp:attachment":[{"href":"https:\/\/www.keramika.com\/slovenija\/wp-json\/wp\/v2\/media?parent=98906"}],"wp:term":[{"taxonomy":"product_cat","embeddable":true,"href":"https:\/\/www.keramika.com\/slovenija\/wp-json\/wp\/v2\/product_cat?post=98906"},{"taxonomy":"product_tag","embeddable":true,"href":"https:\/\/www.keramika.com\/slovenija\/wp-json\/wp\/v2\/product_tag?post=98906"}],"curies":[{"name":"wp","href":"https:\/\/api.w.org\/{rel}","templated":true}]}}