{"id":98692,"date":"2017-03-22T22:10:45","date_gmt":"2017-03-22T22:10:45","guid":{"rendered":"http:\/\/keramika.holest.com\/slovenija\/product\/susilec-za-lase-povrsinska-obdelava-crna\/"},"modified":"2025-12-31T00:02:04","modified_gmt":"2025-12-31T00:02:04","slug":"susilec-za-lase-povrsinska-obdelava-crna","status":"publish","type":"product","link":"https:\/\/www.keramika.com\/slovenija\/susilec-za-lase-povrsinska-obdelava-crna\/","title":{"rendered":"Su\u0161ilec za lase, povr\u0161inska obdelava \u010drna"},"content":{"rendered":"<p>02055.N Hand dryer black finishing<br \/>\u2022Ergonomically hair dryer, surface mounted.<br \/>\u2022 Available colors:<br \/>\u2022 white 02055.W<br \/>\u2022 black 02055.N<br \/>\u2022 grey 02055.C<br \/>\u2022 Two speeds.<br \/>\u2022 Warm air.<br \/>\u2022 Wire longitude: 750 mm.<br \/>\u2022 security s<\/p>\n<p>Technical description: PID-02055.N <br \/>Operation ; Two Speeds And Switch On\/Off ; Casing Finish ; Black ; Dimensions ; 210 X 100 X 155 mm ; Weight ; 0,85 Kg ; Total Power ; 1200 W ;<\/p>\n","protected":false},"excerpt":{"rendered":"<p>02055.N Hand dryer black finishing\u2022Ergonomically hair dryer, surface mounted.\u2022 Available colors:\u2022 white 02055.W\u2022 black 02055.N\u2022 grey 02055.C\u2022 Two speeds.\u2022 Warm air.\u2022 Wire longitude: 750 mm.\u2022 security s Technical description: PID-02055.N Operation ; Two Speeds And Switch On\/Off ; Casing Finish ; Black ; Dimensions ; 210 X 100 X 155 mm ; Weight ; 0,85 [&hellip;]<\/p>\n","protected":false},"featured_media":98693,"template":"","meta":[],"product_cat":[500,99921413,999,510,511,512],"product_tag":[],"_links":{"self":[{"href":"https:\/\/www.keramika.com\/slovenija\/wp-json\/wp\/v2\/product\/98692"}],"collection":[{"href":"https:\/\/www.keramika.com\/slovenija\/wp-json\/wp\/v2\/product"}],"about":[{"href":"https:\/\/www.keramika.com\/slovenija\/wp-json\/wp\/v2\/types\/product"}],"wp:featuredmedia":[{"embeddable":true,"href":"https:\/\/www.keramika.com\/slovenija\/wp-json\/wp\/v2\/media\/98693"}],"wp:attachment":[{"href":"https:\/\/www.keramika.com\/slovenija\/wp-json\/wp\/v2\/media?parent=98692"}],"wp:term":[{"taxonomy":"product_cat","embeddable":true,"href":"https:\/\/www.keramika.com\/slovenija\/wp-json\/wp\/v2\/product_cat?post=98692"},{"taxonomy":"product_tag","embeddable":true,"href":"https:\/\/www.keramika.com\/slovenija\/wp-json\/wp\/v2\/product_tag?post=98692"}],"curies":[{"name":"wp","href":"https:\/\/api.w.org\/{rel}","templated":true}]}}