{"id":98528,"date":"2017-03-22T22:09:16","date_gmt":"2017-03-22T22:09:16","guid":{"rendered":"http:\/\/keramika.holest.com\/slovenija\/product\/zlozljiv-sedez-za-tus-iz-nerjavecega-jekla-satiniran\/"},"modified":"2025-12-31T00:01:43","modified_gmt":"2025-12-31T00:01:43","slug":"zlozljiv-sedez-za-tus-iz-nerjavecega-jekla-satiniran","status":"publish","type":"product","link":"https:\/\/www.keramika.com\/slovenija\/zlozljiv-sedez-za-tus-iz-nerjavecega-jekla-satiniran\/","title":{"rendered":"Zlo\u017eljiv sede\u017e za tu\u0161 iz nerjave\u010dega jekla, satiniran"},"content":{"rendered":"<p>15045.S Steel seat, floor stand, satin finishing<br \/><a class=\"\"pdfcatal\" href=\"\/\/www.ceramictiles.com\/pdf\/e-ceramica\/inox_sanitary_ware.pdf\">Inox sanitarna oprema \u2013 katalog in cene<\/a><\/p>\n<p>Technical description: PID-15045.S <br \/>Folding Shower Seat ; With Floor Support ; Dimensions ; 440 X 450 X 410 mm ;<\/p>\n","protected":false},"excerpt":{"rendered":"<p>15045.S Steel seat, floor stand, satin finishing<\/p>\n","protected":false},"featured_media":98529,"template":"","meta":[],"product_cat":[500,99921413,999,510,511,512],"product_tag":[],"_links":{"self":[{"href":"https:\/\/www.keramika.com\/slovenija\/wp-json\/wp\/v2\/product\/98528"}],"collection":[{"href":"https:\/\/www.keramika.com\/slovenija\/wp-json\/wp\/v2\/product"}],"about":[{"href":"https:\/\/www.keramika.com\/slovenija\/wp-json\/wp\/v2\/types\/product"}],"wp:featuredmedia":[{"embeddable":true,"href":"https:\/\/www.keramika.com\/slovenija\/wp-json\/wp\/v2\/media\/98529"}],"wp:attachment":[{"href":"https:\/\/www.keramika.com\/slovenija\/wp-json\/wp\/v2\/media?parent=98528"}],"wp:term":[{"taxonomy":"product_cat","embeddable":true,"href":"https:\/\/www.keramika.com\/slovenija\/wp-json\/wp\/v2\/product_cat?post=98528"},{"taxonomy":"product_tag","embeddable":true,"href":"https:\/\/www.keramika.com\/slovenija\/wp-json\/wp\/v2\/product_tag?post=98528"}],"curies":[{"name":"wp","href":"https:\/\/api.w.org\/{rel}","templated":true}]}}