{"id":98180,"date":"2017-03-22T22:06:28","date_gmt":"2017-03-22T22:06:28","guid":{"rendered":"http:\/\/keramika.holest.com\/slovenija\/product\/look-perla-2\/"},"modified":"2025-12-31T00:00:53","modified_gmt":"2025-12-31T00:00:53","slug":"look-perla-2","status":"publish","type":"product","link":"https:\/\/www.keramika.com\/slovenija\/look-perla-2\/","title":{"rendered":"Look Perla"},"content":{"rendered":"<p>Prihaja iz \u0160panije, ki po svetu slovi kot ena bolj\u0161ih proizvajalk kerami\u010dnih plo\u0161\u010dic. Zelo moderna plo\u0161\u010dica v beli barvi popestri prav vsak prostor. Plo\u0161\u010dica na sliki je velika 20&#215;50 cm. Look Perla je na voljo po zelo ugodni ceni 16,53 EUR. 9 mm debeline je dovolj tudi za zahtevnej\u0161e kupce.<\/p>\n","protected":false},"excerpt":{"rendered":"<p>Prihaja iz \u0160panije, ki po svetu slovi kot ena bolj\u0161ih proizvajalk kerami\u010dnih plo\u0161\u010dic. Zelo moderna plo\u0161\u010dica v beli barvi popestri prav vsak prostor. Plo\u0161\u010dica na sliki je velika 20&#215;50 cm. Look Perla je na voljo po zelo ugodni ceni 16,53 EUR. 9 mm debeline je dovolj tudi za zahtevnej\u0161e kupce.<\/p>\n","protected":false},"featured_media":98181,"template":"","meta":[],"product_cat":[99946,200,220,999,250],"product_tag":[],"_links":{"self":[{"href":"https:\/\/www.keramika.com\/slovenija\/wp-json\/wp\/v2\/product\/98180"}],"collection":[{"href":"https:\/\/www.keramika.com\/slovenija\/wp-json\/wp\/v2\/product"}],"about":[{"href":"https:\/\/www.keramika.com\/slovenija\/wp-json\/wp\/v2\/types\/product"}],"wp:featuredmedia":[{"embeddable":true,"href":"https:\/\/www.keramika.com\/slovenija\/wp-json\/wp\/v2\/media\/98181"}],"wp:attachment":[{"href":"https:\/\/www.keramika.com\/slovenija\/wp-json\/wp\/v2\/media?parent=98180"}],"wp:term":[{"taxonomy":"product_cat","embeddable":true,"href":"https:\/\/www.keramika.com\/slovenija\/wp-json\/wp\/v2\/product_cat?post=98180"},{"taxonomy":"product_tag","embeddable":true,"href":"https:\/\/www.keramika.com\/slovenija\/wp-json\/wp\/v2\/product_tag?post=98180"}],"curies":[{"name":"wp","href":"https:\/\/api.w.org\/{rel}","templated":true}]}}