{"id":98144,"date":"2017-03-22T22:06:19","date_gmt":"2017-03-22T22:06:19","guid":{"rendered":"http:\/\/keramika.holest.com\/slovenija\/product\/look-crema\/"},"modified":"2025-12-31T00:00:49","modified_gmt":"2025-12-31T00:00:49","slug":"look-crema","status":"publish","type":"product","link":"https:\/\/www.keramika.com\/slovenija\/look-crema\/","title":{"rendered":"Look  Crema"},"content":{"rendered":"<p>Look Crema je plo\u0161\u010dica proizvajalca Halcon Ceramicas in prihaja iz \u0160panije. Debelina kar 9 mm dela to plo\u0161\u010dico zelo trpe\u017eno in presti\u017eno na otip. Namesto 18,38 EUR kot bi za to plo\u0161\u010dico od\u0161teli v klasi\u010dni trgovini, boste v na\u0161i spletni prodajalni od\u0161teli le 14,7 EUR. Zelo moderna plo\u0161\u010dica v be\u017e barvi popestri prav vsak prostor. Z 45&#215;45 cm je ta plo\u0161\u010dica primerna za razli\u010dne podlage.<\/p>\n","protected":false},"excerpt":{"rendered":"<p>Look Crema je plo\u0161\u010dica proizvajalca Halcon Ceramicas in prihaja iz \u0160panije. Debelina kar 9 mm dela to plo\u0161\u010dico zelo trpe\u017eno in presti\u017eno na otip. Namesto 18,38 EUR kot bi za to plo\u0161\u010dico od\u0161teli v klasi\u010dni trgovini, boste v na\u0161i spletni prodajalni od\u0161teli le 14,7 EUR. Zelo moderna plo\u0161\u010dica v be\u017e barvi popestri prav vsak prostor. [&hellip;]<\/p>\n","protected":false},"featured_media":98145,"template":"","meta":[],"product_cat":[210,99946,200,999,240],"product_tag":[],"_links":{"self":[{"href":"https:\/\/www.keramika.com\/slovenija\/wp-json\/wp\/v2\/product\/98144"}],"collection":[{"href":"https:\/\/www.keramika.com\/slovenija\/wp-json\/wp\/v2\/product"}],"about":[{"href":"https:\/\/www.keramika.com\/slovenija\/wp-json\/wp\/v2\/types\/product"}],"wp:featuredmedia":[{"embeddable":true,"href":"https:\/\/www.keramika.com\/slovenija\/wp-json\/wp\/v2\/media\/98145"}],"wp:attachment":[{"href":"https:\/\/www.keramika.com\/slovenija\/wp-json\/wp\/v2\/media?parent=98144"}],"wp:term":[{"taxonomy":"product_cat","embeddable":true,"href":"https:\/\/www.keramika.com\/slovenija\/wp-json\/wp\/v2\/product_cat?post=98144"},{"taxonomy":"product_tag","embeddable":true,"href":"https:\/\/www.keramika.com\/slovenija\/wp-json\/wp\/v2\/product_tag?post=98144"}],"curies":[{"name":"wp","href":"https:\/\/api.w.org\/{rel}","templated":true}]}}