{"id":98102,"date":"2017-03-22T22:06:09","date_gmt":"2017-03-22T22:06:09","guid":{"rendered":"http:\/\/keramika.holest.com\/slovenija\/product\/piedra-gris-irregular\/"},"modified":"2025-12-31T00:00:43","modified_gmt":"2025-12-31T00:00:43","slug":"piedra-gris-irregular","status":"publish","type":"product","link":"https:\/\/www.keramika.com\/slovenija\/piedra-gris-irregular\/","title":{"rendered":"Piedra Gris Irregular"},"content":{"rendered":"<p>Ta mozaik je debel 6 mm in je zelo trpe\u017een. Keramika v sivi barvi popestri vsak prostor. Ta mozaik je izdelal proizvajalec Halcon Ceramicas, ki prihaja iz \u0160panije. Mozaik dobite pripet na mre\u017eo, kar olaj\u0161a njegovo polaganje. Velikost mre\u017ee je 30,5&#215;30,5 cm in je primerna za razli\u010dne povr\u0161ine. Redna cena tega mozaika v maloprodaji zna\u0161a 26 EUR, v na\u0161i spletni trgovini pa ga lahko dobite \u017ee za 20,8 EUR.<\/p>\n","protected":false},"excerpt":{"rendered":"<p>Ta mozaik je debel 6 mm in je zelo trpe\u017een. Keramika v sivi barvi popestri vsak prostor. Ta mozaik je izdelal proizvajalec Halcon Ceramicas, ki prihaja iz \u0160panije. Mozaik dobite pripet na mre\u017eo, kar olaj\u0161a njegovo polaganje. Velikost mre\u017ee je 30,5&#215;30,5 cm in je primerna za razli\u010dne povr\u0161ine. Redna cena tega mozaika v maloprodaji zna\u0161a [&hellip;]<\/p>\n","protected":false},"featured_media":98103,"template":"","meta":[],"product_cat":[99946,420,400,999],"product_tag":[],"_links":{"self":[{"href":"https:\/\/www.keramika.com\/slovenija\/wp-json\/wp\/v2\/product\/98102"}],"collection":[{"href":"https:\/\/www.keramika.com\/slovenija\/wp-json\/wp\/v2\/product"}],"about":[{"href":"https:\/\/www.keramika.com\/slovenija\/wp-json\/wp\/v2\/types\/product"}],"wp:featuredmedia":[{"embeddable":true,"href":"https:\/\/www.keramika.com\/slovenija\/wp-json\/wp\/v2\/media\/98103"}],"wp:attachment":[{"href":"https:\/\/www.keramika.com\/slovenija\/wp-json\/wp\/v2\/media?parent=98102"}],"wp:term":[{"taxonomy":"product_cat","embeddable":true,"href":"https:\/\/www.keramika.com\/slovenija\/wp-json\/wp\/v2\/product_cat?post=98102"},{"taxonomy":"product_tag","embeddable":true,"href":"https:\/\/www.keramika.com\/slovenija\/wp-json\/wp\/v2\/product_tag?post=98102"}],"curies":[{"name":"wp","href":"https:\/\/api.w.org\/{rel}","templated":true}]}}