{"id":98048,"date":"2017-03-22T22:05:58","date_gmt":"2017-03-22T22:05:58","guid":{"rendered":"http:\/\/keramika.holest.com\/slovenija\/product\/klinker-ploscice-castanho-rubi\/"},"modified":"2025-12-31T00:00:38","modified_gmt":"2025-12-31T00:00:38","slug":"klinker-ploscice-castanho-rubi","status":"publish","type":"product","link":"https:\/\/www.keramika.com\/slovenija\/klinker-ploscice-castanho-rubi\/","title":{"rendered":"Klinker plo\u0161\u010dice castanho rubi"},"content":{"rendered":"<p>Debelina kar 15 mm dela to plo\u0161\u010dico zelo trpe\u017eno in presti\u017eno na otip. Redna cena te plo\u0161\u010dice v maloprodaji zna\u0161a 28,81 EUR, v na\u0161i spletni trgovini pa jo lahko dobite \u017ee za 23,05 EUR. Pri izbiri plo\u0161\u010dice v rjavi barvi ne morete zgre\u0161iti. Dimenzije te plo\u0161\u010dice so 30&#215;30 cm. Outside klinker castanho rubi je pripeljana iz Portugalske in je zelo kvalitetna.<\/p>\n<p><a class=\"pdfcatal\" href=\"\/\/www.ceramictiles.com\/pdf\/e-ceramica\/clinker_catalogue.pdf\"> Klinker katalog  <\/a\n\n\n<\/p>\n","protected":false},"excerpt":{"rendered":"<p>Debelina kar 15 mm dela to plo\u0161\u010dico zelo trpe\u017eno in presti\u017eno na otip. Redna cena te plo\u0161\u010dice v maloprodaji zna\u0161a 28,81 EUR, v na\u0161i spletni trgovini pa jo lahko dobite \u017ee za 23,05 EUR. Pri izbiri plo\u0161\u010dice v rjavi barvi ne morete zgre\u0161iti. Dimenzije te plo\u0161\u010dice so 30&#215;30 cm. Outside klinker castanho rubi je pripeljana [&hellip;]<\/p>\n","protected":false},"featured_media":98049,"template":"","meta":[],"product_cat":[99921411,150,100,999,110],"product_tag":[],"_links":{"self":[{"href":"https:\/\/www.keramika.com\/slovenija\/wp-json\/wp\/v2\/product\/98048"}],"collection":[{"href":"https:\/\/www.keramika.com\/slovenija\/wp-json\/wp\/v2\/product"}],"about":[{"href":"https:\/\/www.keramika.com\/slovenija\/wp-json\/wp\/v2\/types\/product"}],"wp:featuredmedia":[{"embeddable":true,"href":"https:\/\/www.keramika.com\/slovenija\/wp-json\/wp\/v2\/media\/98049"}],"wp:attachment":[{"href":"https:\/\/www.keramika.com\/slovenija\/wp-json\/wp\/v2\/media?parent=98048"}],"wp:term":[{"taxonomy":"product_cat","embeddable":true,"href":"https:\/\/www.keramika.com\/slovenija\/wp-json\/wp\/v2\/product_cat?post=98048"},{"taxonomy":"product_tag","embeddable":true,"href":"https:\/\/www.keramika.com\/slovenija\/wp-json\/wp\/v2\/product_tag?post=98048"}],"curies":[{"name":"wp","href":"https:\/\/api.w.org\/{rel}","templated":true}]}}