{"id":98038,"date":"2017-03-22T22:05:56","date_gmt":"2017-03-22T22:05:56","guid":{"rendered":"http:\/\/keramika.holest.com\/slovenija\/product\/ploscice-za-kopalnico-color-line-yellow\/"},"modified":"2025-12-31T00:00:37","modified_gmt":"2025-12-31T00:00:37","slug":"ploscice-za-kopalnico-color-line-yellow","status":"publish","type":"product","link":"https:\/\/www.keramika.com\/slovenija\/ploscice-za-kopalnico-color-line-yellow\/","title":{"rendered":"Plo\u0161\u010dice za kopalnico Color Line Yellow"},"content":{"rendered":"<p>\u0160irina in dol\u017eina te plo\u0161\u010dice sta 32&#215;55 cm. Ta kerami\u010dna plo\u0161\u010dica v \u010dudoviti rumeni barvi bo obogatila vsak prostor. Ta plo\u0161\u010dica prihaja iz Portugalske, ki je znana po kvalitetni keramiki. 65,47 EUR v klasi\u010dni trgovini, pri nas pa le 52,38 EUR. Debelina plo\u0161\u010dice je zelo pomembna in 9 mm uvr\u0161\u010da to plo\u0161\u010dico med najkvalitetnej\u0161e.<\/p>\n<p>Kliknite na ime kolekcije za ogled vseh plo\u0161\u010dic iz te serije: <a class=\"pdfcatal\" href=\"\/\/www.ceramictiles.com\/pdf\/cinca\/color_line.pdf\" onclick=\"recordOutboundLink(this, 'E-mail', 'Description PDF');return false;\">Cinca Color Line<\/a><\/p>\n<p>\u010ce \u017eelite naro\u010diti model iz pdf kataloga te kolekcije, nam pi\u0161ite na: <a href=\"mailto:keramoteka.salon@gmail.com\" onclick=\"recordOutboundLink(this, 'E-mail', 'Description mail');return false;\">keramoteka.salon@gmail.com<\/a> ali pa nas pokli\u010dite na: 031 255 900.<\/p>\n<p>Technical description: <br \/>  W &#038; F 32&#215;55 ; 16&#215;55 ; 32&#215;32 <br \/>Color Line Verde \u00c1gua ; Color Line Verde Mar ; Color Line Azul Oceano ; Color Line P\u00e9rola ; Color Line Baunilha ; Color Line Amarelo ;<\/p>\n","protected":false},"excerpt":{"rendered":"<p>\u0160irina in dol\u017eina te plo\u0161\u010dice sta 32&#215;55 cm. Ta kerami\u010dna plo\u0161\u010dica v \u010dudoviti rumeni barvi bo obogatila vsak prostor. Ta plo\u0161\u010dica prihaja iz Portugalske, ki je znana po kvalitetni keramiki. 65,47 EUR v klasi\u010dni trgovini, pri nas pa le 52,38 EUR. Debelina plo\u0161\u010dice je zelo pomembna in 9 mm uvr\u0161\u010da to plo\u0161\u010dico med najkvalitetnej\u0161e. Kliknite [&hellip;]<\/p>\n","protected":false},"featured_media":98039,"template":"","meta":[],"product_cat":[999968,200,220,999,250,240],"product_tag":[],"_links":{"self":[{"href":"https:\/\/www.keramika.com\/slovenija\/wp-json\/wp\/v2\/product\/98038"}],"collection":[{"href":"https:\/\/www.keramika.com\/slovenija\/wp-json\/wp\/v2\/product"}],"about":[{"href":"https:\/\/www.keramika.com\/slovenija\/wp-json\/wp\/v2\/types\/product"}],"wp:featuredmedia":[{"embeddable":true,"href":"https:\/\/www.keramika.com\/slovenija\/wp-json\/wp\/v2\/media\/98039"}],"wp:attachment":[{"href":"https:\/\/www.keramika.com\/slovenija\/wp-json\/wp\/v2\/media?parent=98038"}],"wp:term":[{"taxonomy":"product_cat","embeddable":true,"href":"https:\/\/www.keramika.com\/slovenija\/wp-json\/wp\/v2\/product_cat?post=98038"},{"taxonomy":"product_tag","embeddable":true,"href":"https:\/\/www.keramika.com\/slovenija\/wp-json\/wp\/v2\/product_tag?post=98038"}],"curies":[{"name":"wp","href":"https:\/\/api.w.org\/{rel}","templated":true}]}}