{"id":112206,"date":"2019-09-13T08:31:26","date_gmt":"2019-09-13T08:31:26","guid":{"rendered":"https:\/\/www.ceramictiles.com\/slovenija\/?post_type=product&#038;p=112206"},"modified":"2019-09-13T08:31:26","modified_gmt":"2019-09-13T08:31:26","slug":"tau-bluestone","status":"publish","type":"product","link":"https:\/\/www.keramika.com\/slovenija\/tau-bluestone\/","title":{"rendered":"TAU Bluestone"},"content":{"rendered":"<p>Bluestone je talna porcelan keramika kvalitetnega \u0160panskega proizvajalca TAU. Plo\u0161\u010dice so na voljo v dimenzijah 60 X 60 in pa 75 X 75. Serija ponuja barve Black, Graphite, Gray in Tan. Ker gre za porcelan keramiko so plo\u0161\u010dice primerne tako za zunanje povr\u0161ine kot tudi za notranje prostore. Lepo se podajo v letne kuhinje, terase, hodnike&#8230;<\/p>\n<p>\u010ce \u017eelite naro\u010diti model te kolekcije, nam pi\u0161ite na: <a href=\"mailto:keramoteka.salon@gmail.com\">keramoteka.salon@gmail.com<\/a> ali pa nas pokli\u010dite na: 031 255 900.<\/p>\n","protected":false},"excerpt":{"rendered":"<p>Bluestone je talna porcelan keramika kvalitetnega \u0160panskega proizvajalca TAU. Plo\u0161\u010dice so na voljo v dimenzijah 60 X 60 in pa 75 X 75. Serija ponuja barve Black, Graphite, Gray in Tan. Ker gre za porcelan keramiko so plo\u0161\u010dice primerne tako za zunanje povr\u0161ine kot tudi za notranje prostore. Lepo se podajo v letne kuhinje, terase, [&hellip;]<\/p>\n","protected":false},"featured_media":112207,"template":"","meta":[],"product_cat":[200,280,220,260,250,240,999125,270],"product_tag":[99921975,99950129,99950095,99950093,99950128,99950101],"_links":{"self":[{"href":"https:\/\/www.keramika.com\/slovenija\/wp-json\/wp\/v2\/product\/112206"}],"collection":[{"href":"https:\/\/www.keramika.com\/slovenija\/wp-json\/wp\/v2\/product"}],"about":[{"href":"https:\/\/www.keramika.com\/slovenija\/wp-json\/wp\/v2\/types\/product"}],"wp:featuredmedia":[{"embeddable":true,"href":"https:\/\/www.keramika.com\/slovenija\/wp-json\/wp\/v2\/media\/112207"}],"wp:attachment":[{"href":"https:\/\/www.keramika.com\/slovenija\/wp-json\/wp\/v2\/media?parent=112206"}],"wp:term":[{"taxonomy":"product_cat","embeddable":true,"href":"https:\/\/www.keramika.com\/slovenija\/wp-json\/wp\/v2\/product_cat?post=112206"},{"taxonomy":"product_tag","embeddable":true,"href":"https:\/\/www.keramika.com\/slovenija\/wp-json\/wp\/v2\/product_tag?post=112206"}],"curies":[{"name":"wp","href":"https:\/\/api.w.org\/{rel}","templated":true}]}}