{"id":112200,"date":"2019-09-10T08:59:51","date_gmt":"2019-09-10T08:59:51","guid":{"rendered":"https:\/\/www.ceramictiles.com\/slovenija\/?post_type=product&#038;p=112200"},"modified":"2019-09-10T08:59:51","modified_gmt":"2019-09-10T08:59:51","slug":"mainzu-tanger","status":"publish","type":"product","link":"https:\/\/www.keramika.com\/slovenija\/mainzu-tanger\/","title":{"rendered":"Mainzu Tanger"},"content":{"rendered":"<p>Tanger je talna plo\u0161\u010dica kvalitetnega \u0160panskega proizvajalca Mainzu. Plo\u0161\u010dice so dobavljive v dimenziji 20 X 20 in so primerne za vse notranje prostore. Lepo pa se podajo v kopalnice, kuhinje, dnevne sobe&#8230;<\/p>\n<p>\u010ce \u017eelite naro\u010diti model te kolekcije, nam pi\u0161ite na: <a href=\"mailto:keramoteka.salon@gmail.com\">keramoteka.salon@gmail.com<\/a> ali pa nas pokli\u010dite na: 031 255 900.<\/p>\n","protected":false},"excerpt":{"rendered":"<p>Poslikana keramika Tanger<\/p>\n","protected":false},"featured_media":112201,"template":"","meta":[],"product_cat":[200,220,230,9991370,250,240],"product_tag":[99950107,99950106,99950100,99950096],"_links":{"self":[{"href":"https:\/\/www.keramika.com\/slovenija\/wp-json\/wp\/v2\/product\/112200"}],"collection":[{"href":"https:\/\/www.keramika.com\/slovenija\/wp-json\/wp\/v2\/product"}],"about":[{"href":"https:\/\/www.keramika.com\/slovenija\/wp-json\/wp\/v2\/types\/product"}],"wp:featuredmedia":[{"embeddable":true,"href":"https:\/\/www.keramika.com\/slovenija\/wp-json\/wp\/v2\/media\/112201"}],"wp:attachment":[{"href":"https:\/\/www.keramika.com\/slovenija\/wp-json\/wp\/v2\/media?parent=112200"}],"wp:term":[{"taxonomy":"product_cat","embeddable":true,"href":"https:\/\/www.keramika.com\/slovenija\/wp-json\/wp\/v2\/product_cat?post=112200"},{"taxonomy":"product_tag","embeddable":true,"href":"https:\/\/www.keramika.com\/slovenija\/wp-json\/wp\/v2\/product_tag?post=112200"}],"curies":[{"name":"wp","href":"https:\/\/api.w.org\/{rel}","templated":true}]}}