{"id":112162,"date":"2019-04-23T06:51:47","date_gmt":"2019-04-23T06:51:47","guid":{"rendered":"http:\/\/www.ceramictiles.com\/slovenija\/?post_type=product&#038;p=112162"},"modified":"2019-04-23T06:52:03","modified_gmt":"2019-04-23T06:52:03","slug":"tau-carving","status":"publish","type":"product","link":"https:\/\/www.keramika.com\/slovenija\/tau-carving\/","title":{"rendered":"TAU Carving"},"content":{"rendered":"<p>Carving je talna porcelan keramika v imitaciji lesa kvalitetnega \u0160panskega proizvajalca TAU. Plo\u0161\u010dice v dimenziji 22 X 85 so dobavljive v dveh barvah: White in Umber. Ker gre za porcelan keramiko so plo\u0161\u010dice primerne tako za notranje prostore kot tudi za zunanje povr\u0161ine. Lepo se podajo za terase, letne kuhinje, potko okoli hi\u0161e&#8230;<\/p>\n<p>\u010ce \u017eelite naro\u010diti model te kolekcije, nam pi\u0161ite na: <a href=\"mailto:keramoteka.salon@gmail.com\">keramoteka.salon@gmail.com<\/a> ali pa nas pokli\u010dite na: 031 255 900.<\/p>\n","protected":false},"excerpt":{"rendered":"<p>Plo\u0161\u010dice v imitaciji lesa<\/p>\n","protected":false},"featured_media":112163,"template":"","meta":[],"product_cat":[280,220,230,260,250,240,999125,270],"product_tag":[99921976,99921978,99950106,99950095,99950128,99950101],"_links":{"self":[{"href":"https:\/\/www.keramika.com\/slovenija\/wp-json\/wp\/v2\/product\/112162"}],"collection":[{"href":"https:\/\/www.keramika.com\/slovenija\/wp-json\/wp\/v2\/product"}],"about":[{"href":"https:\/\/www.keramika.com\/slovenija\/wp-json\/wp\/v2\/types\/product"}],"wp:featuredmedia":[{"embeddable":true,"href":"https:\/\/www.keramika.com\/slovenija\/wp-json\/wp\/v2\/media\/112163"}],"wp:attachment":[{"href":"https:\/\/www.keramika.com\/slovenija\/wp-json\/wp\/v2\/media?parent=112162"}],"wp:term":[{"taxonomy":"product_cat","embeddable":true,"href":"https:\/\/www.keramika.com\/slovenija\/wp-json\/wp\/v2\/product_cat?post=112162"},{"taxonomy":"product_tag","embeddable":true,"href":"https:\/\/www.keramika.com\/slovenija\/wp-json\/wp\/v2\/product_tag?post=112162"}],"curies":[{"name":"wp","href":"https:\/\/api.w.org\/{rel}","templated":true}]}}