{"id":112134,"date":"2019-02-21T08:32:38","date_gmt":"2019-02-21T08:32:38","guid":{"rendered":"http:\/\/www.ceramictiles.com\/slovenija\/?post_type=product&#038;p=112134"},"modified":"2019-04-10T11:23:40","modified_gmt":"2019-04-10T11:23:40","slug":"mainzu-anticatto","status":"publish","type":"product","link":"https:\/\/www.keramika.com\/slovenija\/mainzu-anticatto\/","title":{"rendered":"Mainzu Anticatto"},"content":{"rendered":"<p>Anticatto je stenska keramika kvalitetnega \u0160panskega proizvajalca Mainzu. Keramika v dimenziji 20 X 20 je dobavljiva v dveh barvah: Color in White. Plo\u0161\u010dice so primerne za notranje stenske povr\u0161ine. Lepo se podajo v kuhinjske pasove, tu\u0161e&#8230;<\/p>\n<p>\u010ce \u017eelite naro\u010diti model te kolekcije, nam pi\u0161ite na: <a href=\"mailto:keramoteka.salon@gmail.com\">keramoteka.salon@gmail.com<\/a> ali pa nas pokli\u010dite na: 031 255 900.<\/p>\n","protected":false},"excerpt":{"rendered":"<p>Starana keramika Anticatto<\/p>\n","protected":false},"featured_media":112135,"template":"","meta":[],"product_cat":[200,220,230,9991370,250],"product_tag":[],"_links":{"self":[{"href":"https:\/\/www.keramika.com\/slovenija\/wp-json\/wp\/v2\/product\/112134"}],"collection":[{"href":"https:\/\/www.keramika.com\/slovenija\/wp-json\/wp\/v2\/product"}],"about":[{"href":"https:\/\/www.keramika.com\/slovenija\/wp-json\/wp\/v2\/types\/product"}],"wp:featuredmedia":[{"embeddable":true,"href":"https:\/\/www.keramika.com\/slovenija\/wp-json\/wp\/v2\/media\/112135"}],"wp:attachment":[{"href":"https:\/\/www.keramika.com\/slovenija\/wp-json\/wp\/v2\/media?parent=112134"}],"wp:term":[{"taxonomy":"product_cat","embeddable":true,"href":"https:\/\/www.keramika.com\/slovenija\/wp-json\/wp\/v2\/product_cat?post=112134"},{"taxonomy":"product_tag","embeddable":true,"href":"https:\/\/www.keramika.com\/slovenija\/wp-json\/wp\/v2\/product_tag?post=112134"}],"curies":[{"name":"wp","href":"https:\/\/api.w.org\/{rel}","templated":true}]}}