{"id":108448,"date":"2017-03-23T03:10:36","date_gmt":"2017-03-23T03:10:36","guid":{"rendered":"http:\/\/keramika.holest.com\/slovenija\/product\/bouquet-pop-decor\/"},"modified":"2026-01-05T00:01:48","modified_gmt":"2026-01-05T00:01:48","slug":"bouquet-pop-decor","status":"publish","type":"product","link":"https:\/\/www.keramika.com\/slovenija\/bouquet-pop-decor\/","title":{"rendered":"Bouquet Pop Decor"},"content":{"rendered":"<p>Pri izbiri plo\u0161\u010dice v rumeni barvi ne morete zgre\u0161iti. Bouquet Pop Decor je pripeljana iz \u0160panije in je zelo kvalitetna. Velikost te plo\u0161\u010dice je 22,5&#215;22,5 cm in je primerna za razli\u010dne povr\u0161ine. Na spletu boste za to plo\u0161\u010dico od\u0161teli le 76,3 EUR, medtem ko v redni prodaji cena zna\u0161a 95,38 EUR. Plo\u0161\u010dica je debela kar mm, kar jo uvr\u0161\u010da med bolj trde plo\u0161\u010dice.<\/p>\n<p>Kliknite na ime kolekcije za ogled vseh plo\u0161\u010dic iz te serije: <a class=\"pdfcatal\" href=\"\/\/www.ceramictiles.com\/pdf\/bouquet\/catalogue_bouquet_pop.pdf\">Bouquet ceramic Pop<\/a><\/p>\n<p>\u010ce \u017eelite naro\u010diti model iz pdf kataloga te kolekcije, nam pi\u0161ite na: <a href=\"mailto:keramoteka.salon@gmail.com\">keramoteka.salon@gmail.com<\/a> ali pa nas pokli\u010dite na: +386 31 255 900.<\/p>\n<p>Technical description: 22,3&#215;23,5<\/p>\n","protected":false},"excerpt":{"rendered":"<p>Pri izbiri plo\u0161\u010dice v rumeni barvi ne morete zgre\u0161iti. Bouquet Pop Decor je pripeljana iz \u0160panije in je zelo kvalitetna. Velikost te plo\u0161\u010dice je 22,5&#215;22,5 cm in je primerna za razli\u010dne povr\u0161ine. Na spletu boste za to plo\u0161\u010dico od\u0161teli le 76,3 EUR, medtem ko v redni prodaji cena zna\u0161a 95,38 EUR. Plo\u0161\u010dica je debela kar [&hellip;]<\/p>\n","protected":false},"featured_media":108449,"template":"","meta":[],"product_cat":[99921431,200,999,250],"product_tag":[],"_links":{"self":[{"href":"https:\/\/www.keramika.com\/slovenija\/wp-json\/wp\/v2\/product\/108448"}],"collection":[{"href":"https:\/\/www.keramika.com\/slovenija\/wp-json\/wp\/v2\/product"}],"about":[{"href":"https:\/\/www.keramika.com\/slovenija\/wp-json\/wp\/v2\/types\/product"}],"wp:featuredmedia":[{"embeddable":true,"href":"https:\/\/www.keramika.com\/slovenija\/wp-json\/wp\/v2\/media\/108449"}],"wp:attachment":[{"href":"https:\/\/www.keramika.com\/slovenija\/wp-json\/wp\/v2\/media?parent=108448"}],"wp:term":[{"taxonomy":"product_cat","embeddable":true,"href":"https:\/\/www.keramika.com\/slovenija\/wp-json\/wp\/v2\/product_cat?post=108448"},{"taxonomy":"product_tag","embeddable":true,"href":"https:\/\/www.keramika.com\/slovenija\/wp-json\/wp\/v2\/product_tag?post=108448"}],"curies":[{"name":"wp","href":"https:\/\/api.w.org\/{rel}","templated":true}]}}