{"id":108112,"date":"2017-03-23T03:00:59","date_gmt":"2017-03-23T03:00:59","guid":{"rendered":"http:\/\/keramika.holest.com\/slovenija\/product\/realonda-harmony-stone\/"},"modified":"2026-01-05T00:01:39","modified_gmt":"2026-01-05T00:01:39","slug":"realonda-harmony-stone","status":"publish","type":"product","link":"https:\/\/www.keramika.com\/slovenija\/realonda-harmony-stone\/","title":{"rendered":"Realonda Harmony Stone"},"content":{"rendered":"<p>Ta plo\u0161\u010dica je debela 9 mm in je zelo trpe\u017ena. To plo\u0161\u010dico je izdelal proizvajalec Realonda Ceramica, ki prihaja iz \u0160panije. Z 31&#215;56 cm je ta plo\u0161\u010dica primerna za razli\u010dne podlage. Na spletu boste za to plo\u0161\u010dico od\u0161teli le 31,86 EUR, medtem ko v redni prodaji cena zna\u0161a 39,82 EUR. Keramika v be\u017e barvi popestri vsak prostor.<\/p>\n<p>Kliknite na ime kolekcije za ogled vseh plo\u0161\u010dic iz te serije: <a class=\"pdfcatal\" href=\"\/\/www.ceramictiles.com\/pdf\/realonda\/harmony.pdf\">Realonda Ceramica Harmony<\/a><\/p>\n<p>\u010ce \u017eelite naro\u010diti model iz pdf kataloga te kolekcije, nam pi\u0161ite na: <a href=\"mailto:keramoteka.salon@gmail.com\">keramoteka.salon@gmail.com<\/a> ali pa nas pokli\u010dite na: +386 31 255 900.<\/p>\n","protected":false},"excerpt":{"rendered":"<p>Ta plo\u0161\u010dica je debela 9 mm in je zelo trpe\u017ena. To plo\u0161\u010dico je izdelal proizvajalec Realonda Ceramica, ki prihaja iz \u0160panije. Z 31&#215;56 cm je ta plo\u0161\u010dica primerna za razli\u010dne podlage. Na spletu boste za to plo\u0161\u010dico od\u0161teli le 31,86 EUR, medtem ko v redni prodaji cena zna\u0161a 39,82 EUR. Keramika v be\u017e barvi popestri [&hellip;]<\/p>\n","protected":false},"featured_media":108113,"template":"","meta":[],"product_cat":[200,220,230,999,999114],"product_tag":[],"_links":{"self":[{"href":"https:\/\/www.keramika.com\/slovenija\/wp-json\/wp\/v2\/product\/108112"}],"collection":[{"href":"https:\/\/www.keramika.com\/slovenija\/wp-json\/wp\/v2\/product"}],"about":[{"href":"https:\/\/www.keramika.com\/slovenija\/wp-json\/wp\/v2\/types\/product"}],"wp:featuredmedia":[{"embeddable":true,"href":"https:\/\/www.keramika.com\/slovenija\/wp-json\/wp\/v2\/media\/108113"}],"wp:attachment":[{"href":"https:\/\/www.keramika.com\/slovenija\/wp-json\/wp\/v2\/media?parent=108112"}],"wp:term":[{"taxonomy":"product_cat","embeddable":true,"href":"https:\/\/www.keramika.com\/slovenija\/wp-json\/wp\/v2\/product_cat?post=108112"},{"taxonomy":"product_tag","embeddable":true,"href":"https:\/\/www.keramika.com\/slovenija\/wp-json\/wp\/v2\/product_tag?post=108112"}],"curies":[{"name":"wp","href":"https:\/\/api.w.org\/{rel}","templated":true}]}}