{"id":107899,"date":"2017-03-23T02:55:07","date_gmt":"2017-03-23T02:55:07","guid":{"rendered":"http:\/\/keramika.holest.com\/slovenija\/product\/mayolica-antares-gris\/"},"modified":"2026-01-05T00:01:33","modified_gmt":"2026-01-05T00:01:33","slug":"mayolica-antares-gris","status":"publish","type":"product","link":"https:\/\/www.keramika.com\/slovenija\/mayolica-antares-gris\/","title":{"rendered":"Mayolica Antares\u00a0Gris"},"content":{"rendered":"<p>Plo\u0161\u010dica na sliki je velika 47,2&#215;70,8 cm. Zelo moderna plo\u0161\u010dica v sivi barvi popestri prav vsak prostor. 8 mm je debelina, ki zadovolji tudi zahtevnej\u0161e kupce. Mayolica Antares\u00a0Gris je pripeljana iz \u0160panije in je zelo kvalitetna. V redni prodaji bi morali za to plo\u0161\u010dico od\u0161teti 23,38 EUR, spletna cena pa zna\u0161a le 18,7 EUR.<\/p>\n<p>Kliknite na ime kolekcije za ogled vseh plo\u0161\u010dic iz te serije: <a class=\"pdfcatal\" href=\"\/\/www.ceramictiles.com\/pdf\/mayolica\/mayolica_antares.pdf\" onclick=\"recordOutboundLink(this, 'E-mail', 'Description PDF');return false;\">Mayolica Ceramica Antares<\/a><\/p>\n<p>\u010ce \u017eelite naro\u010diti model iz pdf kataloga te kolekcije, nam pi\u0161ite na: <a href=\"mailto:keramoteka.salon@gmail.com\" onclick=\"recordOutboundLink(this, 'E-mail', 'Description mail');return false;\">keramoteka.salon@gmail.com<\/a> ali pa nas pokli\u010dite na: +386 31 255 900.<\/p>\n<p>Technical description: 28&#215;70<\/p>\n","protected":false},"excerpt":{"rendered":"<p>Plo\u0161\u010dica na sliki je velika 47,2&#215;70,8 cm. Zelo moderna plo\u0161\u010dica v sivi barvi popestri prav vsak prostor. 8 mm je debelina, ki zadovolji tudi zahtevnej\u0161e kupce. Mayolica Antares\u00a0Gris je pripeljana iz \u0160panije in je zelo kvalitetna. V redni prodaji bi morali za to plo\u0161\u010dico od\u0161teti 23,38 EUR, spletna cena pa zna\u0161a le 18,7 EUR. Kliknite [&hellip;]<\/p>\n","protected":false},"featured_media":107900,"template":"","meta":[],"product_cat":[99,200,230,999830,999,250],"product_tag":[],"_links":{"self":[{"href":"https:\/\/www.keramika.com\/slovenija\/wp-json\/wp\/v2\/product\/107899"}],"collection":[{"href":"https:\/\/www.keramika.com\/slovenija\/wp-json\/wp\/v2\/product"}],"about":[{"href":"https:\/\/www.keramika.com\/slovenija\/wp-json\/wp\/v2\/types\/product"}],"wp:featuredmedia":[{"embeddable":true,"href":"https:\/\/www.keramika.com\/slovenija\/wp-json\/wp\/v2\/media\/107900"}],"wp:attachment":[{"href":"https:\/\/www.keramika.com\/slovenija\/wp-json\/wp\/v2\/media?parent=107899"}],"wp:term":[{"taxonomy":"product_cat","embeddable":true,"href":"https:\/\/www.keramika.com\/slovenija\/wp-json\/wp\/v2\/product_cat?post=107899"},{"taxonomy":"product_tag","embeddable":true,"href":"https:\/\/www.keramika.com\/slovenija\/wp-json\/wp\/v2\/product_tag?post=107899"}],"curies":[{"name":"wp","href":"https:\/\/api.w.org\/{rel}","templated":true}]}}