{"id":107891,"date":"2017-03-23T02:54:56","date_gmt":"2017-03-23T02:54:56","guid":{"rendered":"http:\/\/keramika.holest.com\/slovenija\/product\/mayolica-altair-gris\/"},"modified":"2026-01-05T00:01:32","modified_gmt":"2026-01-05T00:01:32","slug":"mayolica-altair-gris","status":"publish","type":"product","link":"https:\/\/www.keramika.com\/slovenija\/mayolica-altair-gris\/","title":{"rendered":"Mayolica Altair\u00a0Gris"},"content":{"rendered":"<p>Plo\u0161\u010dica je debela kar 9 mm, kar jo uvr\u0161\u010da med bolj trde plo\u0161\u010dice. Z velikostjo 22,5&#215;90 cm je ta plo\u0161\u010dica primerna ze razli\u010dne povr\u0161ine. Zelo moderna plo\u0161\u010dica v sivi barvi popestri prav vsak prostor. Mayolica Altair\u00a0Gris je plo\u0161\u010dica proizvajalca Mayolica Ceramica in prihaja iz \u0160panije. Redna cena te plo\u0161\u010dice v maloprodaji zna\u0161a 32,86 EUR, v na\u0161i spletni trgovini pa jo lahko dobite \u017ee za 26,29 EUR.<\/p>\n<p>Kliknite na ime kolekcije za ogled vseh plo\u0161\u010dic iz te serije: <a class=\"pdfcatal\" href=\"\/\/www.ceramictiles.com\/pdf\/mayolica\/mayolica_altair\u00a0.pdf\" onclick=\"recordOutboundLink(this, 'E-mail', 'Description PDF');return false;\">Mayolica Ceramica Altair<\/a><\/p>\n<p>\u010ce \u017eelite naro\u010diti model iz pdf kataloga te kolekcije, nam pi\u0161ite na: <a href=\"mailto:keramoteka.salon@gmail.com\" onclick=\"recordOutboundLink(this, 'E-mail', 'Description mail');return false;\">keramoteka.salon@gmail.com<\/a> ali pa nas pokli\u010dite na: +386 31 255 900.<\/p>\n<p>Technical description: 23&#215;95<\/p>\n","protected":false},"excerpt":{"rendered":"<p>Plo\u0161\u010dica je debela kar 9 mm, kar jo uvr\u0161\u010da med bolj trde plo\u0161\u010dice. Z velikostjo 22,5&#215;90 cm je ta plo\u0161\u010dica primerna ze razli\u010dne povr\u0161ine. Zelo moderna plo\u0161\u010dica v sivi barvi popestri prav vsak prostor. Mayolica Altair\u00a0Gris je plo\u0161\u010dica proizvajalca Mayolica Ceramica in prihaja iz \u0160panije. Redna cena te plo\u0161\u010dice v maloprodaji zna\u0161a 32,86 EUR, v [&hellip;]<\/p>\n","protected":false},"featured_media":107892,"template":"","meta":[],"product_cat":[99,200,230,999830,999,250],"product_tag":[],"_links":{"self":[{"href":"https:\/\/www.keramika.com\/slovenija\/wp-json\/wp\/v2\/product\/107891"}],"collection":[{"href":"https:\/\/www.keramika.com\/slovenija\/wp-json\/wp\/v2\/product"}],"about":[{"href":"https:\/\/www.keramika.com\/slovenija\/wp-json\/wp\/v2\/types\/product"}],"wp:featuredmedia":[{"embeddable":true,"href":"https:\/\/www.keramika.com\/slovenija\/wp-json\/wp\/v2\/media\/107892"}],"wp:attachment":[{"href":"https:\/\/www.keramika.com\/slovenija\/wp-json\/wp\/v2\/media?parent=107891"}],"wp:term":[{"taxonomy":"product_cat","embeddable":true,"href":"https:\/\/www.keramika.com\/slovenija\/wp-json\/wp\/v2\/product_cat?post=107891"},{"taxonomy":"product_tag","embeddable":true,"href":"https:\/\/www.keramika.com\/slovenija\/wp-json\/wp\/v2\/product_tag?post=107891"}],"curies":[{"name":"wp","href":"https:\/\/api.w.org\/{rel}","templated":true}]}}