{"id":107675,"date":"2017-03-23T02:48:41","date_gmt":"2017-03-23T02:48:41","guid":{"rendered":"http:\/\/keramika.holest.com\/slovenija\/product\/suez-arena\/"},"modified":"2026-01-05T00:01:24","modified_gmt":"2026-01-05T00:01:24","slug":"suez-arena","status":"publish","type":"product","link":"https:\/\/www.keramika.com\/slovenija\/suez-arena\/","title":{"rendered":"Suez Arena"},"content":{"rendered":"<p>Ta model plo\u0161\u010dice se najbolje prodaja v be\u017e barvi. mm je debelina, ki zadovolji tudi zahtevnej\u0161e kupce. Suez Arena je plo\u0161\u010dica proizvajalca Cicogres in prihaja iz \u0160panije. Na spletu boste za to plo\u0161\u010dico od\u0161teli le 13,9 EUR, medtem ko v redni prodaji cena zna\u0161a 17,38 EUR. Z velikostjo 50&#215;20 cm je ta plo\u0161\u010dica primerna ze razli\u010dne povr\u0161ine.<\/p>\n<p>Kliknite na ime kolekcije za ogled vseh plo\u0161\u010dic iz te serije: <a class=\"pdfcatal\" href=\"\/\/www.ceramictiles.com\/pdf\/cicogres\/catalogue_cicogres_suez.pdf\" onclick=\"recordOutboundLink(this, 'E-mail', 'Description PDF');return false;\">Cicogres Suez<\/a><\/p>\n<p>\u010ce \u017eelite naro\u010diti model iz pdf kataloga te kolekcije, nam pi\u0161ite na: <a href=\"mailto:keramoteka.salon@gmail.com\" onclick=\"recordOutboundLink(this, 'E-mail', 'Description mail');return false;\">keramoteka.salon@gmail.com<\/a> ali pa nas pokli\u010dite na: +386 31 255 900.<\/p>\n","protected":false},"excerpt":{"rendered":"<p>Ta model plo\u0161\u010dice se najbolje prodaja v be\u017e barvi. mm je debelina, ki zadovolji tudi zahtevnej\u0161e kupce. Suez Arena je plo\u0161\u010dica proizvajalca Cicogres in prihaja iz \u0160panije. Na spletu boste za to plo\u0161\u010dico od\u0161teli le 13,9 EUR, medtem ko v redni prodaji cena zna\u0161a 17,38 EUR. Z velikostjo 50&#215;20 cm je ta plo\u0161\u010dica primerna ze [&hellip;]<\/p>\n","protected":false},"featured_media":107676,"template":"","meta":[],"product_cat":[999964,200,999],"product_tag":[],"_links":{"self":[{"href":"https:\/\/www.keramika.com\/slovenija\/wp-json\/wp\/v2\/product\/107675"}],"collection":[{"href":"https:\/\/www.keramika.com\/slovenija\/wp-json\/wp\/v2\/product"}],"about":[{"href":"https:\/\/www.keramika.com\/slovenija\/wp-json\/wp\/v2\/types\/product"}],"wp:featuredmedia":[{"embeddable":true,"href":"https:\/\/www.keramika.com\/slovenija\/wp-json\/wp\/v2\/media\/107676"}],"wp:attachment":[{"href":"https:\/\/www.keramika.com\/slovenija\/wp-json\/wp\/v2\/media?parent=107675"}],"wp:term":[{"taxonomy":"product_cat","embeddable":true,"href":"https:\/\/www.keramika.com\/slovenija\/wp-json\/wp\/v2\/product_cat?post=107675"},{"taxonomy":"product_tag","embeddable":true,"href":"https:\/\/www.keramika.com\/slovenija\/wp-json\/wp\/v2\/product_tag?post=107675"}],"curies":[{"name":"wp","href":"https:\/\/api.w.org\/{rel}","templated":true}]}}