{"id":107549,"date":"2017-03-23T02:41:23","date_gmt":"2017-03-23T02:41:23","guid":{"rendered":"http:\/\/keramika.holest.com\/slovenija\/product\/concept-perla\/"},"modified":"2026-01-05T00:01:13","modified_gmt":"2026-01-05T00:01:13","slug":"concept-perla","status":"publish","type":"product","link":"https:\/\/www.keramika.com\/slovenija\/concept-perla\/","title":{"rendered":"Concept Perla"},"content":{"rendered":"<p>V redni prodaji bi morali za to plo\u0161\u010dico od\u0161teti 24,12 EUR, spletna cena pa zna\u0161a le 19,3 EUR. Ta model plo\u0161\u010dice se najbolje prodaja v sivi barvi. mm je debelina, ki zadovolji tudi zahtevnej\u0161e kupce. Concept Perla je pripeljana iz \u0160panije in je zelo kvalitetna. Z 60&#215;60 cm je ta plo\u0161\u010dica primerna za razli\u010dne podlage.<\/p>\n<p>Kliknite na ime kolekcije za ogled vseh plo\u0161\u010dic iz te serije: <a class=\"pdfcatal\" href=\"\/\/www.ceramictiles.com\/pdf\/cicogres\/catalogue_cicogres_concept.pdf\" onclick=\"recordOutboundLink(this, 'E-mail', 'Description PDF');return false;\">Cicogres Concept<\/a><\/p>\n<p>\u010ce \u017eelite naro\u010diti model iz pdf kataloga te kolekcije, nam pi\u0161ite na: <a href=\"mailto:keramoteka.salon@gmail.com\" onclick=\"recordOutboundLink(this, 'E-mail', 'Description mail');return false;\">keramoteka.salon@gmail.com<\/a> ali pa nas pokli\u010dite na: +386 31 255 900.<\/p>\n","protected":false},"excerpt":{"rendered":"<p>V redni prodaji bi morali za to plo\u0161\u010dico od\u0161teti 24,12 EUR, spletna cena pa zna\u0161a le 19,3 EUR. Ta model plo\u0161\u010dice se najbolje prodaja v sivi barvi. mm je debelina, ki zadovolji tudi zahtevnej\u0161e kupce. Concept Perla je pripeljana iz \u0160panije in je zelo kvalitetna. Z 60&#215;60 cm je ta plo\u0161\u010dica primerna za razli\u010dne podlage. [&hellip;]<\/p>\n","protected":false},"featured_media":107550,"template":"","meta":[],"product_cat":[999964,999],"product_tag":[],"_links":{"self":[{"href":"https:\/\/www.keramika.com\/slovenija\/wp-json\/wp\/v2\/product\/107549"}],"collection":[{"href":"https:\/\/www.keramika.com\/slovenija\/wp-json\/wp\/v2\/product"}],"about":[{"href":"https:\/\/www.keramika.com\/slovenija\/wp-json\/wp\/v2\/types\/product"}],"wp:featuredmedia":[{"embeddable":true,"href":"https:\/\/www.keramika.com\/slovenija\/wp-json\/wp\/v2\/media\/107550"}],"wp:attachment":[{"href":"https:\/\/www.keramika.com\/slovenija\/wp-json\/wp\/v2\/media?parent=107549"}],"wp:term":[{"taxonomy":"product_cat","embeddable":true,"href":"https:\/\/www.keramika.com\/slovenija\/wp-json\/wp\/v2\/product_cat?post=107549"},{"taxonomy":"product_tag","embeddable":true,"href":"https:\/\/www.keramika.com\/slovenija\/wp-json\/wp\/v2\/product_tag?post=107549"}],"curies":[{"name":"wp","href":"https:\/\/api.w.org\/{rel}","templated":true}]}}