{"id":107469,"date":"2017-03-23T02:36:55","date_gmt":"2017-03-23T02:36:55","guid":{"rendered":"http:\/\/keramika.holest.com\/slovenija\/product\/talne-ploscice-natucer-cottostone-creme\/"},"modified":"2026-01-05T00:01:07","modified_gmt":"2026-01-05T00:01:07","slug":"talne-ploscice-natucer-cottostone-creme","status":"publish","type":"product","link":"https:\/\/www.keramika.com\/slovenija\/talne-ploscice-natucer-cottostone-creme\/","title":{"rendered":"Talne plo\u0161\u010dice Natucer Cottostone Creme"},"content":{"rendered":"<p>V redni prodaji bi morali za to plo\u0161\u010dico od\u0161teti 45,73 EUR, spletna cena pa zna\u0161a le 36,59 EUR. Zelo moderna plo\u0161\u010dica v be\u017e barvi popestri prav vsak prostor. \u0160irina in dol\u017eina te plo\u0161\u010dice sta 36&#215;36 cm. Ta plo\u0161\u010dica je debela mm in je zelo trpe\u017ena. Ta plo\u0161\u010dica prihaja iz \u0160panije, ki je znana po kvalitetni keramiki.<\/p>\n<p>Kliknite na ime kolekcije za ogled vseh plo\u0161\u010dic iz te serije: <a class=\"pdfcatal\" href=\"\/\/www.ceramictiles.com\/pdf\/natucer\/catalogue_natucer_cottostone.pdf\" onclick=\"recordOutboundLink(this, 'E-mail', 'Description PDF');return false;\">Natucer Ceramica Cottostone<\/a><\/p>\n<p>\u010ce \u017eelite naro\u010diti model iz pdf kataloga te kolekcije, nam pi\u0161ite na: <a href=\"mailto:keramoteka.salon@gmail.com\" onclick=\"recordOutboundLink(this, 'E-mail', 'Description mail');return false;\">keramoteka.salon@gmail.com<\/a> ali pa nas pokli\u010dite na: +386 31 255 900.<\/p>\n","protected":false},"excerpt":{"rendered":"<p>V redni prodaji bi morali za to plo\u0161\u010dico od\u0161teti 45,73 EUR, spletna cena pa zna\u0161a le 36,59 EUR. Zelo moderna plo\u0161\u010dica v be\u017e barvi popestri prav vsak prostor. \u0160irina in dol\u017eina te plo\u0161\u010dice sta 36&#215;36 cm. Ta plo\u0161\u010dica je debela mm in je zelo trpe\u017ena. Ta plo\u0161\u010dica prihaja iz \u0160panije, ki je znana po kvalitetni [&hellip;]<\/p>\n","protected":false},"featured_media":107470,"template":"","meta":[],"product_cat":[150,100,9991435,120,999,110],"product_tag":[],"_links":{"self":[{"href":"https:\/\/www.keramika.com\/slovenija\/wp-json\/wp\/v2\/product\/107469"}],"collection":[{"href":"https:\/\/www.keramika.com\/slovenija\/wp-json\/wp\/v2\/product"}],"about":[{"href":"https:\/\/www.keramika.com\/slovenija\/wp-json\/wp\/v2\/types\/product"}],"wp:featuredmedia":[{"embeddable":true,"href":"https:\/\/www.keramika.com\/slovenija\/wp-json\/wp\/v2\/media\/107470"}],"wp:attachment":[{"href":"https:\/\/www.keramika.com\/slovenija\/wp-json\/wp\/v2\/media?parent=107469"}],"wp:term":[{"taxonomy":"product_cat","embeddable":true,"href":"https:\/\/www.keramika.com\/slovenija\/wp-json\/wp\/v2\/product_cat?post=107469"},{"taxonomy":"product_tag","embeddable":true,"href":"https:\/\/www.keramika.com\/slovenija\/wp-json\/wp\/v2\/product_tag?post=107469"}],"curies":[{"name":"wp","href":"https:\/\/api.w.org\/{rel}","templated":true}]}}