{"id":107385,"date":"2017-03-23T02:31:39","date_gmt":"2017-03-23T02:31:39","guid":{"rendered":"http:\/\/keramika.holest.com\/slovenija\/product\/pamesa-vetro-relieve-naranja\/"},"modified":"2026-01-05T00:01:00","modified_gmt":"2026-01-05T00:01:00","slug":"pamesa-vetro-relieve-naranja","status":"publish","type":"product","link":"https:\/\/www.keramika.com\/slovenija\/pamesa-vetro-relieve-naranja\/","title":{"rendered":"Pamesa Vetro Relieve Naranja"},"content":{"rendered":"<p>Z velikostjo 25&#215;40 cm je ta plo\u0161\u010dica primerna ze razli\u010dne povr\u0161ine. Pri izbiri plo\u0161\u010dice v oran\u017eni barvi ne morete zgre\u0161iti. Pamesa Vetro Relieve Naranja prihaja iz \u0160panije, ki je znana po zelo kvalitetni keramiki v svetovnem merilu. Redna cena te plo\u0161\u010dice v maloprodaji zna\u0161a 28,8 EUR, v na\u0161i spletni trgovini pa jo lahko dobite \u017ee za 23,04 EUR. Plo\u0161\u010dica je debela kar 9 mm, kar jo uvr\u0161\u010da med bolj trde plo\u0161\u010dice.<\/p>\n<p>Kliknite na ime kolekcije za ogled vseh plo\u0161\u010dic iz te serije: <a class=\"pdfcatal\" href=\"\/\/www.ceramictiles.com\/pdf\/pamesa\/catalogue_pamesa_vetro_rlv.pdf\" onclick=\"recordOutboundLink(this, 'E-mail', 'Description PDF');return false;\">Pamesa Ceramica Vetro Rlv<\/a><\/p>\n<p>\u010ce \u017eelite naro\u010diti model iz pdf kataloga te kolekcije, nam pi\u0161ite na: <a href=\"mailto:keramoteka.salon@gmail.com\" onclick=\"recordOutboundLink(this, 'E-mail', 'Description mail');return false;\">keramoteka.salon@gmail.com<\/a> ali pa nas pokli\u010dite na: +386 31 255 900.<\/p>\n","protected":false},"excerpt":{"rendered":"<p>Z velikostjo 25&#215;40 cm je ta plo\u0161\u010dica primerna ze razli\u010dne povr\u0161ine. Pri izbiri plo\u0161\u010dice v oran\u017eni barvi ne morete zgre\u0161iti. Pamesa Vetro Relieve Naranja prihaja iz \u0160panije, ki je znana po zelo kvalitetni keramiki v svetovnem merilu. Redna cena te plo\u0161\u010dice v maloprodaji zna\u0161a 28,8 EUR, v na\u0161i spletni trgovini pa jo lahko dobite \u017ee [&hellip;]<\/p>\n","protected":false},"featured_media":107386,"template":"","meta":[],"product_cat":[200,999107,999],"product_tag":[],"_links":{"self":[{"href":"https:\/\/www.keramika.com\/slovenija\/wp-json\/wp\/v2\/product\/107385"}],"collection":[{"href":"https:\/\/www.keramika.com\/slovenija\/wp-json\/wp\/v2\/product"}],"about":[{"href":"https:\/\/www.keramika.com\/slovenija\/wp-json\/wp\/v2\/types\/product"}],"wp:featuredmedia":[{"embeddable":true,"href":"https:\/\/www.keramika.com\/slovenija\/wp-json\/wp\/v2\/media\/107386"}],"wp:attachment":[{"href":"https:\/\/www.keramika.com\/slovenija\/wp-json\/wp\/v2\/media?parent=107385"}],"wp:term":[{"taxonomy":"product_cat","embeddable":true,"href":"https:\/\/www.keramika.com\/slovenija\/wp-json\/wp\/v2\/product_cat?post=107385"},{"taxonomy":"product_tag","embeddable":true,"href":"https:\/\/www.keramika.com\/slovenija\/wp-json\/wp\/v2\/product_tag?post=107385"}],"curies":[{"name":"wp","href":"https:\/\/api.w.org\/{rel}","templated":true}]}}