{"id":107369,"date":"2017-03-23T02:30:41","date_gmt":"2017-03-23T02:30:41","guid":{"rendered":"http:\/\/keramika.holest.com\/slovenija\/product\/pamesa-polis-relieve-gris\/"},"modified":"2026-01-05T00:00:58","modified_gmt":"2026-01-05T00:00:58","slug":"pamesa-polis-relieve-gris","status":"publish","type":"product","link":"https:\/\/www.keramika.com\/slovenija\/pamesa-polis-relieve-gris\/","title":{"rendered":"Pamesa Polis Relieve Gris"},"content":{"rendered":"<p>Letos so plo\u0161\u010dice v sivi barvi zelo za\u017eeljene. Pamesa Polis Relieve Gris je pripeljana iz \u0160panije in je zelo kvalitetna. Ta plo\u0161\u010dica je debela 9 mm in je zelo trpe\u017ena. V redni prodaji bi morali za to plo\u0161\u010dico od\u0161teti 30,6 EUR, spletna cena pa zna\u0161a le 24,48 EUR. \u0160irina in dol\u017eina te plo\u0161\u010dice sta 31,6&#215;45 cm.<\/p>\n<p>Kliknite na ime kolekcije za ogled vseh plo\u0161\u010dic iz te serije: <a class=\"pdfcatal\" href=\"\/\/www.ceramictiles.com\/pdf\/pamesa\/catalogue_pamesa_polis_rlv.pdf\" onclick=\"recordOutboundLink(this, 'E-mail', 'Description PDF');return false;\">Pamesa Ceramica Polis Rlv<\/a><\/p>\n<p>\u010ce \u017eelite naro\u010diti model iz pdf kataloga te kolekcije, nam pi\u0161ite na: <a href=\"mailto:keramoteka.salon@gmail.com\" onclick=\"recordOutboundLink(this, 'E-mail', 'Description mail');return false;\">keramoteka.salon@gmail.com<\/a> ali pa nas pokli\u010dite na: +386 31 255 900.<\/p>\n<p>Technical description: 31,6&#215;45,2<\/p>\n","protected":false},"excerpt":{"rendered":"<p>Letos so plo\u0161\u010dice v sivi barvi zelo za\u017eeljene. Pamesa Polis Relieve Gris je pripeljana iz \u0160panije in je zelo kvalitetna. Ta plo\u0161\u010dica je debela 9 mm in je zelo trpe\u017ena. V redni prodaji bi morali za to plo\u0161\u010dico od\u0161teti 30,6 EUR, spletna cena pa zna\u0161a le 24,48 EUR. \u0160irina in dol\u017eina te plo\u0161\u010dice sta 31,6&#215;45 [&hellip;]<\/p>\n","protected":false},"featured_media":107370,"template":"","meta":[],"product_cat":[200,999107,999],"product_tag":[],"_links":{"self":[{"href":"https:\/\/www.keramika.com\/slovenija\/wp-json\/wp\/v2\/product\/107369"}],"collection":[{"href":"https:\/\/www.keramika.com\/slovenija\/wp-json\/wp\/v2\/product"}],"about":[{"href":"https:\/\/www.keramika.com\/slovenija\/wp-json\/wp\/v2\/types\/product"}],"wp:featuredmedia":[{"embeddable":true,"href":"https:\/\/www.keramika.com\/slovenija\/wp-json\/wp\/v2\/media\/107370"}],"wp:attachment":[{"href":"https:\/\/www.keramika.com\/slovenija\/wp-json\/wp\/v2\/media?parent=107369"}],"wp:term":[{"taxonomy":"product_cat","embeddable":true,"href":"https:\/\/www.keramika.com\/slovenija\/wp-json\/wp\/v2\/product_cat?post=107369"},{"taxonomy":"product_tag","embeddable":true,"href":"https:\/\/www.keramika.com\/slovenija\/wp-json\/wp\/v2\/product_tag?post=107369"}],"curies":[{"name":"wp","href":"https:\/\/api.w.org\/{rel}","templated":true}]}}