{"id":107325,"date":"2017-03-23T02:28:01","date_gmt":"2017-03-23T02:28:01","guid":{"rendered":"http:\/\/keramika.holest.com\/slovenija\/product\/pamesa-geo-plata\/"},"modified":"2026-01-05T00:00:54","modified_gmt":"2026-01-05T00:00:54","slug":"pamesa-geo-plata","status":"publish","type":"product","link":"https:\/\/www.keramika.com\/slovenija\/pamesa-geo-plata\/","title":{"rendered":"Pamesa Geo Plata"},"content":{"rendered":"<p>Ta kerami\u010dna plo\u0161\u010dica v \u010dudoviti sivi barvi bo obogatila vsak prostor. Pamesa Geo Plata je pripeljana iz \u0160panije in je zelo kvalitetna. V redni prodaji bi morali za to plo\u0161\u010dico od\u0161teti 34,78 EUR, spletna cena pa zna\u0161a le 27,82 EUR. 9 mm je debelina, ki zadovolji tudi zahtevnej\u0161e kupce. Z velikostjo 20&#215;60 cm je ta plo\u0161\u010dica primerna ze razli\u010dne povr\u0161ine.<\/p>\n<p>Kliknite na ime kolekcije za ogled vseh plo\u0161\u010dic iz te serije: <a class=\"pdfcatal\" href=\"\/\/www.ceramictiles.com\/pdf\/pamesa\/catalogue_pamesa_geo.pdf\" onclick=\"recordOutboundLink(this, 'E-mail', 'Description PDF');return false;\">Pamesa Ceramica Geo<\/a><\/p>\n<p>\u010ce \u017eelite naro\u010diti model iz pdf kataloga te kolekcije, nam pi\u0161ite na: <a href=\"mailto:keramoteka.salon@gmail.com\" onclick=\"recordOutboundLink(this, 'E-mail', 'Description mail');return false;\">keramoteka.salon@gmail.com<\/a> ali pa nas pokli\u010dite na: +386 31 255 900.<\/p>\n","protected":false},"excerpt":{"rendered":"<p>Ta kerami\u010dna plo\u0161\u010dica v \u010dudoviti sivi barvi bo obogatila vsak prostor. Pamesa Geo Plata je pripeljana iz \u0160panije in je zelo kvalitetna. V redni prodaji bi morali za to plo\u0161\u010dico od\u0161teti 34,78 EUR, spletna cena pa zna\u0161a le 27,82 EUR. 9 mm je debelina, ki zadovolji tudi zahtevnej\u0161e kupce. Z velikostjo 20&#215;60 cm je ta [&hellip;]<\/p>\n","protected":false},"featured_media":107326,"template":"","meta":[],"product_cat":[200,999107,999],"product_tag":[],"_links":{"self":[{"href":"https:\/\/www.keramika.com\/slovenija\/wp-json\/wp\/v2\/product\/107325"}],"collection":[{"href":"https:\/\/www.keramika.com\/slovenija\/wp-json\/wp\/v2\/product"}],"about":[{"href":"https:\/\/www.keramika.com\/slovenija\/wp-json\/wp\/v2\/types\/product"}],"wp:featuredmedia":[{"embeddable":true,"href":"https:\/\/www.keramika.com\/slovenija\/wp-json\/wp\/v2\/media\/107326"}],"wp:attachment":[{"href":"https:\/\/www.keramika.com\/slovenija\/wp-json\/wp\/v2\/media?parent=107325"}],"wp:term":[{"taxonomy":"product_cat","embeddable":true,"href":"https:\/\/www.keramika.com\/slovenija\/wp-json\/wp\/v2\/product_cat?post=107325"},{"taxonomy":"product_tag","embeddable":true,"href":"https:\/\/www.keramika.com\/slovenija\/wp-json\/wp\/v2\/product_tag?post=107325"}],"curies":[{"name":"wp","href":"https:\/\/api.w.org\/{rel}","templated":true}]}}