{"id":107087,"date":"2017-03-23T02:13:59","date_gmt":"2017-03-23T02:13:59","guid":{"rendered":"http:\/\/keramika.holest.com\/slovenija\/product\/pamesa-tessin-roble\/"},"modified":"2026-01-04T00:04:12","modified_gmt":"2026-01-04T00:04:12","slug":"pamesa-tessin-roble","status":"publish","type":"product","link":"https:\/\/www.keramika.com\/slovenija\/pamesa-tessin-roble\/","title":{"rendered":"Pamesa Tessin Roble"},"content":{"rendered":"<p>Dimenzije te plo\u0161\u010dice so 15&#215;90 cm. V redni prodaji bi morali za to plo\u0161\u010dico od\u0161teti 76,55 EUR, spletna cena pa zna\u0161a le 61,24 EUR. Pamesa Tessin Roble prihaja iz \u0160panije, ki je znana po zelo kvalitetni keramiki v svetovnem merilu. Ta plo\u0161\u010dica je debela 9 mm in je zelo trpe\u017ena. Keramika v rjavi barvi popestri vsak prostor.<\/p>\n<p>Kliknite na ime kolekcije za ogled vseh plo\u0161\u010dic iz te serije: <a class=\"pdfcatal\" href=\"\/\/www.ceramictiles.com\/pdf\/pamesa\/catalogue_pamesa_tessin.pdf\" onclick=\"recordOutboundLink(this, 'E-mail', 'Description PDF');return false;\">Pamesa Ceramica Tessin<\/a><\/p>\n<p>\u010ce \u017eelite naro\u010diti model iz pdf kataloga te kolekcije, nam pi\u0161ite na: <a href=\"mailto:keramoteka.salon@gmail.com\" onclick=\"recordOutboundLink(this, 'E-mail', 'Description mail');return false;\">keramoteka.salon@gmail.com<\/a> ali pa nas pokli\u010dite na: +386 31 255 900.<\/p>\n","protected":false},"excerpt":{"rendered":"<p>Dimenzije te plo\u0161\u010dice so 15&#215;90 cm. V redni prodaji bi morali za to plo\u0161\u010dico od\u0161teti 76,55 EUR, spletna cena pa zna\u0161a le 61,24 EUR. Pamesa Tessin Roble prihaja iz \u0160panije, ki je znana po zelo kvalitetni keramiki v svetovnem merilu. Ta plo\u0161\u010dica je debela 9 mm in je zelo trpe\u017ena. Keramika v rjavi barvi popestri [&hellip;]<\/p>\n","protected":false},"featured_media":107088,"template":"","meta":[],"product_cat":[200,999107,999],"product_tag":[],"_links":{"self":[{"href":"https:\/\/www.keramika.com\/slovenija\/wp-json\/wp\/v2\/product\/107087"}],"collection":[{"href":"https:\/\/www.keramika.com\/slovenija\/wp-json\/wp\/v2\/product"}],"about":[{"href":"https:\/\/www.keramika.com\/slovenija\/wp-json\/wp\/v2\/types\/product"}],"wp:featuredmedia":[{"embeddable":true,"href":"https:\/\/www.keramika.com\/slovenija\/wp-json\/wp\/v2\/media\/107088"}],"wp:attachment":[{"href":"https:\/\/www.keramika.com\/slovenija\/wp-json\/wp\/v2\/media?parent=107087"}],"wp:term":[{"taxonomy":"product_cat","embeddable":true,"href":"https:\/\/www.keramika.com\/slovenija\/wp-json\/wp\/v2\/product_cat?post=107087"},{"taxonomy":"product_tag","embeddable":true,"href":"https:\/\/www.keramika.com\/slovenija\/wp-json\/wp\/v2\/product_tag?post=107087"}],"curies":[{"name":"wp","href":"https:\/\/api.w.org\/{rel}","templated":true}]}}