{"id":107075,"date":"2017-03-23T02:13:27","date_gmt":"2017-03-23T02:13:27","guid":{"rendered":"http:\/\/keramika.holest.com\/slovenija\/product\/pamesa-enea-natura-2\/"},"modified":"2026-01-04T00:04:11","modified_gmt":"2026-01-04T00:04:11","slug":"pamesa-enea-natura-2","status":"publish","type":"product","link":"https:\/\/www.keramika.com\/slovenija\/pamesa-enea-natura-2\/","title":{"rendered":"Pamesa Enea Natura"},"content":{"rendered":"<p>9 mm debeline je dovolj tudi za zahtevnej\u0161e kupce. Pamesa Enea Natura je plo\u0161\u010dica proizvajalca Pamesa Ceramica in prihaja iz \u0160panije. Na spletu boste za to plo\u0161\u010dico od\u0161teli le 61,24 EUR, medtem ko v redni prodaji cena zna\u0161a 76,55 EUR. Dimenzije te plo\u0161\u010dice so 79,1&#215;79,1 cm. Zelo moderna plo\u0161\u010dica v be\u017e barvi popestri prav vsak prostor.<\/p>\n<p>Kliknite na ime kolekcije za ogled vseh plo\u0161\u010dic iz te serije: <a class=\"pdfcatal\" href=\"\/\/www.ceramictiles.com\/pdf\/pamesa\/catalogue_pamesa_enea.pdf\" onclick=\"recordOutboundLink(this, 'E-mail', 'Description PDF');return false;\">Pamesa Ceramica Enea<\/a><\/p>\n<p>\u010ce \u017eelite naro\u010diti model iz pdf kataloga te kolekcije, nam pi\u0161ite na: <a href=\"mailto:keramoteka.salon@gmail.com\" onclick=\"recordOutboundLink(this, 'E-mail', 'Description mail');return false;\">keramoteka.salon@gmail.com<\/a> ali pa nas pokli\u010dite na: +386 31 255 900.<\/p>\n<p>Technical description: 75&#215;75<\/p>\n","protected":false},"excerpt":{"rendered":"<p>9 mm debeline je dovolj tudi za zahtevnej\u0161e kupce. Pamesa Enea Natura je plo\u0161\u010dica proizvajalca Pamesa Ceramica in prihaja iz \u0160panije. Na spletu boste za to plo\u0161\u010dico od\u0161teli le 61,24 EUR, medtem ko v redni prodaji cena zna\u0161a 76,55 EUR. Dimenzije te plo\u0161\u010dice so 79,1&#215;79,1 cm. Zelo moderna plo\u0161\u010dica v be\u017e barvi popestri prav vsak [&hellip;]<\/p>\n","protected":false},"featured_media":107076,"template":"","meta":[],"product_cat":[200,999107,999],"product_tag":[],"_links":{"self":[{"href":"https:\/\/www.keramika.com\/slovenija\/wp-json\/wp\/v2\/product\/107075"}],"collection":[{"href":"https:\/\/www.keramika.com\/slovenija\/wp-json\/wp\/v2\/product"}],"about":[{"href":"https:\/\/www.keramika.com\/slovenija\/wp-json\/wp\/v2\/types\/product"}],"wp:featuredmedia":[{"embeddable":true,"href":"https:\/\/www.keramika.com\/slovenija\/wp-json\/wp\/v2\/media\/107076"}],"wp:attachment":[{"href":"https:\/\/www.keramika.com\/slovenija\/wp-json\/wp\/v2\/media?parent=107075"}],"wp:term":[{"taxonomy":"product_cat","embeddable":true,"href":"https:\/\/www.keramika.com\/slovenija\/wp-json\/wp\/v2\/product_cat?post=107075"},{"taxonomy":"product_tag","embeddable":true,"href":"https:\/\/www.keramika.com\/slovenija\/wp-json\/wp\/v2\/product_tag?post=107075"}],"curies":[{"name":"wp","href":"https:\/\/api.w.org\/{rel}","templated":true}]}}