{"id":107047,"date":"2017-03-23T02:12:17","date_gmt":"2017-03-23T02:12:17","guid":{"rendered":"http:\/\/keramika.holest.com\/slovenija\/product\/monopole-vitaminic-white\/"},"modified":"2026-01-04T00:04:08","modified_gmt":"2026-01-04T00:04:08","slug":"monopole-vitaminic-white","status":"publish","type":"product","link":"https:\/\/www.keramika.com\/slovenija\/monopole-vitaminic-white\/","title":{"rendered":"Monopole Vitaminic White"},"content":{"rendered":"<p>Ta plo\u0161\u010dica je na voljo v \u010dudoviti beli barvi, \u010de \u017eelite kak\u0161no drugo barvo pa nas kontaktirajte in preverili bomo pri proizvajalcu. 8,5 mm je debelina, ki zadovolji tudi zahtevnej\u0161e kupce. Monopole Laguna Blanco Brillo Bisel je pripeljana iz \u0160panije in je zelo kvalitetna. Velikost te plo\u0161\u010dice je 10&#215;30 cm in je primerna za razli\u010dne povr\u0161ine. Redna cena te plo\u0161\u010dice v maloprodaji zna\u0161a 31,35 EUR, v na\u0161i spletni trgovini pa jo lahko dobite \u017ee za 25,08 EUR.<\/p>\n<p>Kliknite na ime kolekcije za ogled vseh plo\u0161\u010dic iz te serije: <a class=\"pdfcatal\" href=\"\/\/www.ceramictiles.com\/pdf\/monopole\/catalogue_monopole_vitaminic.pdf\" onclick=\"recordOutboundLink(this, 'E-mail', 'Description PDF');return false;\">Monopole Vitaminic<\/a><\/p>\n<p>\u010ce \u017eelite naro\u010diti model iz pdf kataloga te kolekcije, nam pi\u0161ite na: <a href=\"mailto:keramoteka.salon@gmail.com\" onclick=\"recordOutboundLink(this, 'E-mail', 'Description mail');return false;\">keramoteka.salon@gmail.com<\/a> ali pa nas pokli\u010dite na: +386 31 255 900.<\/p>\n","protected":false},"excerpt":{"rendered":"<p>Ta plo\u0161\u010dica je na voljo v \u010dudoviti beli barvi, \u010de \u017eelite kak\u0161no drugo barvo pa nas kontaktirajte in preverili bomo pri proizvajalcu. 8,5 mm je debelina, ki zadovolji tudi zahtevnej\u0161e kupce. Monopole Laguna Blanco Brillo Bisel je pripeljana iz \u0160panije in je zelo kvalitetna. Velikost te plo\u0161\u010dice je 10&#215;30 cm in je primerna za razli\u010dne [&hellip;]<\/p>\n","protected":false},"featured_media":107048,"template":"","meta":[],"product_cat":[200,220,99921434,999],"product_tag":[99921973],"_links":{"self":[{"href":"https:\/\/www.keramika.com\/slovenija\/wp-json\/wp\/v2\/product\/107047"}],"collection":[{"href":"https:\/\/www.keramika.com\/slovenija\/wp-json\/wp\/v2\/product"}],"about":[{"href":"https:\/\/www.keramika.com\/slovenija\/wp-json\/wp\/v2\/types\/product"}],"wp:featuredmedia":[{"embeddable":true,"href":"https:\/\/www.keramika.com\/slovenija\/wp-json\/wp\/v2\/media\/107048"}],"wp:attachment":[{"href":"https:\/\/www.keramika.com\/slovenija\/wp-json\/wp\/v2\/media?parent=107047"}],"wp:term":[{"taxonomy":"product_cat","embeddable":true,"href":"https:\/\/www.keramika.com\/slovenija\/wp-json\/wp\/v2\/product_cat?post=107047"},{"taxonomy":"product_tag","embeddable":true,"href":"https:\/\/www.keramika.com\/slovenija\/wp-json\/wp\/v2\/product_tag?post=107047"}],"curies":[{"name":"wp","href":"https:\/\/api.w.org\/{rel}","templated":true}]}}