{"id":107013,"date":"2017-03-23T02:10:30","date_gmt":"2017-03-23T02:10:30","guid":{"rendered":"http:\/\/keramika.holest.com\/slovenija\/product\/monopole-olimpic-beige\/"},"modified":"2026-01-04T00:04:05","modified_gmt":"2026-01-04T00:04:05","slug":"monopole-olimpic-beige","status":"publish","type":"product","link":"https:\/\/www.keramika.com\/slovenija\/monopole-olimpic-beige\/","title":{"rendered":"Monopole Olimpic beige"},"content":{"rendered":"<p>Dimenzije te plo\u0161\u010dice so 10&#215;40 cm. Monopole Travertino Crema Mate Liso je pripeljana iz \u0160panije in je zelo kvalitetna. Debelina kar 8,5 mm dela to plo\u0161\u010dico zelo trpe\u017eno in presti\u017eno na otip. Letos so plo\u0161\u010dice v be\u017e barvi zelo za\u017eeljene. Monopole Travertino Crema Mate Liso je na voljo po zelo ugodni ceni 27,72 EUR.<\/p>\n<p>Kliknite na ime kolekcije za ogled vseh plo\u0161\u010dic iz te serije: <a class=\"pdfcatal\" href=\"\/\/www.ceramictiles.com\/pdf\/monopole\/catalogue_monopole_olimpic.pdf\" onclick=\"recordOutboundLink(this, 'E-mail', 'Description PDF');return false;\">Monopole Olimpic<\/a><\/p>\n<p>\u010ce \u017eelite naro\u010diti model iz pdf kataloga te kolekcije, nam pi\u0161ite na: <a href=\"mailto:keramoteka.salon@gmail.com\" onclick=\"recordOutboundLink(this, 'E-mail', 'Description mail');return false;\">keramoteka.salon@gmail.com<\/a> ali pa nas pokli\u010dite na: +386 31 255 900.<\/p>\n","protected":false},"excerpt":{"rendered":"<p>Dimenzije te plo\u0161\u010dice so 10&#215;40 cm. Monopole Travertino Crema Mate Liso je pripeljana iz \u0160panije in je zelo kvalitetna. Debelina kar 8,5 mm dela to plo\u0161\u010dico zelo trpe\u017eno in presti\u017eno na otip. Letos so plo\u0161\u010dice v be\u017e barvi zelo za\u017eeljene. Monopole Travertino Crema Mate Liso je na voljo po zelo ugodni ceni 27,72 EUR. Kliknite [&hellip;]<\/p>\n","protected":false},"featured_media":107014,"template":"","meta":[],"product_cat":[200,220,99921434,999],"product_tag":[],"_links":{"self":[{"href":"https:\/\/www.keramika.com\/slovenija\/wp-json\/wp\/v2\/product\/107013"}],"collection":[{"href":"https:\/\/www.keramika.com\/slovenija\/wp-json\/wp\/v2\/product"}],"about":[{"href":"https:\/\/www.keramika.com\/slovenija\/wp-json\/wp\/v2\/types\/product"}],"wp:featuredmedia":[{"embeddable":true,"href":"https:\/\/www.keramika.com\/slovenija\/wp-json\/wp\/v2\/media\/107014"}],"wp:attachment":[{"href":"https:\/\/www.keramika.com\/slovenija\/wp-json\/wp\/v2\/media?parent=107013"}],"wp:term":[{"taxonomy":"product_cat","embeddable":true,"href":"https:\/\/www.keramika.com\/slovenija\/wp-json\/wp\/v2\/product_cat?post=107013"},{"taxonomy":"product_tag","embeddable":true,"href":"https:\/\/www.keramika.com\/slovenija\/wp-json\/wp\/v2\/product_tag?post=107013"}],"curies":[{"name":"wp","href":"https:\/\/api.w.org\/{rel}","templated":true}]}}