{"id":106897,"date":"2017-08-27T02:03:44","date_gmt":"2017-08-27T02:03:44","guid":{"rendered":"http:\/\/keramika.holest.com\/slovenija\/product\/monopole-antique-marron\/"},"modified":"2026-01-04T00:03:54","modified_gmt":"2026-01-04T00:03:54","slug":"monopole-antique-marron","status":"publish","type":"product","link":"https:\/\/www.keramika.com\/slovenija\/monopole-antique-marron\/","title":{"rendered":"Monopole Antique Marron"},"content":{"rendered":"<p>Pri izbiri plo\u0161\u010dice v rjavi barvi ne morete zgre\u0161iti. Namesto 39,6 EUR kot bi za to plo\u0161\u010dico od\u0161teli v klasi\u010dni trgovini, boste v na\u0161i spletni prodajalni od\u0161teli le 31,68 EUR. Debelina plo\u0161\u010dice je zelo pomembna in 8,5 mm uvr\u0161\u010da to plo\u0161\u010dico med najkvalitetnej\u0161e. \u0160irina in dol\u017eina te plo\u0161\u010dice sta 10&#215;20 cm. Monopole Antique Marron je pripeljana iz \u0160panije in je zelo kvalitetna.<\/p>\n<p>Kliknite na ime kolekcije za ogled vseh plo\u0161\u010dic iz te serije: <a class=\"pdfcatal\" href=\"\/\/www.ceramictiles.com\/pdf\/monopole\/catalogue_monopole_antique_marron.pdf\" onclick=\"recordOutboundLink(this, 'E-mail', 'Description PDF');return false;\">Monopole Antique Marron<\/a><\/p>\n<p>\u010ce \u017eelite naro\u010diti model iz pdf kataloga te kolekcije, nam pi\u0161ite na: <a href=\"mailto:keramoteka.salon@gmail.com\" onclick=\"recordOutboundLink(this, 'E-mail', 'Description mail');return false;\">keramoteka.salon@gmail.com<\/a> ali pa nas pokli\u010dite na: +386 31 255 900.<\/p>\n<p>Stenske plo\u0161\u010dice 10&#215;20 sijajne<br \/>\nTalne plo\u0161\u010dice 31,6&#215;31,6 mat<\/p>\n","protected":false},"excerpt":{"rendered":"<p>20 razli\u010dnih stenskih plo\u0161\u010dic v naklju\u010dnem me\u0161anju<br \/>\n10 razli\u010dnih talne plo\u0161\u010dice v naklju\u010dnem me\u0161anju<\/p>\n","protected":false},"featured_media":106898,"template":"","meta":[],"product_cat":[200,220,230,99921434,999,250,240],"product_tag":[99921974,99921978],"_links":{"self":[{"href":"https:\/\/www.keramika.com\/slovenija\/wp-json\/wp\/v2\/product\/106897"}],"collection":[{"href":"https:\/\/www.keramika.com\/slovenija\/wp-json\/wp\/v2\/product"}],"about":[{"href":"https:\/\/www.keramika.com\/slovenija\/wp-json\/wp\/v2\/types\/product"}],"wp:featuredmedia":[{"embeddable":true,"href":"https:\/\/www.keramika.com\/slovenija\/wp-json\/wp\/v2\/media\/106898"}],"wp:attachment":[{"href":"https:\/\/www.keramika.com\/slovenija\/wp-json\/wp\/v2\/media?parent=106897"}],"wp:term":[{"taxonomy":"product_cat","embeddable":true,"href":"https:\/\/www.keramika.com\/slovenija\/wp-json\/wp\/v2\/product_cat?post=106897"},{"taxonomy":"product_tag","embeddable":true,"href":"https:\/\/www.keramika.com\/slovenija\/wp-json\/wp\/v2\/product_tag?post=106897"}],"curies":[{"name":"wp","href":"https:\/\/api.w.org\/{rel}","templated":true}]}}