{"id":106875,"date":"2017-03-23T02:02:21","date_gmt":"2017-03-23T02:02:21","guid":{"rendered":"http:\/\/keramika.holest.com\/slovenija\/product\/white-gloss-225x90\/"},"modified":"2026-01-04T00:03:52","modified_gmt":"2026-01-04T00:03:52","slug":"white-gloss-225x90","status":"publish","type":"product","link":"https:\/\/www.keramika.com\/slovenija\/white-gloss-225x90\/","title":{"rendered":"White Gloss 22,5&#215;90"},"content":{"rendered":"<p>Na spletu boste za to plo\u0161\u010dico od\u0161teli le 76 EUR, medtem ko v redni prodaji cena zna\u0161a 95 EUR. 8 mm je debelina, ki zadovolji tudi zahtevnej\u0161e kupce. Letos so plo\u0161\u010dice v beli barvi zelo za\u017eeljene. \u0160irina in dol\u017eina te plo\u0161\u010dice sta 22,5&#215;90 cm. White Gloss 22,5&#215;90 je pripeljana iz \u0160panije in je zelo kvalitetna.<\/p>\n<p>Kliknite na ime kolekcije za ogled vseh plo\u0161\u010dic iz te serije: <a class=\"pdfcatal\" href=\"\/\/www.ceramictiles.com\/pdf\/e-ceramica\/blancos_catalogue.pdf\" onclick=\"recordOutboundLink(this, 'E-mail', 'Description PDF');return false;\">e-Ceramica White ceramic tiles<\/a><\/p>\n<p>\u010ce \u017eelite naro\u010diti model iz pdf kataloga te kolekcije, nam pi\u0161ite na: <a href=\"mailto:keramoteka.salon@gmail.com\" onclick=\"recordOutboundLink(this, 'E-mail', 'Description mail');return false;\">keramoteka.salon@gmail.com<\/a> ali pa nas pokli\u010dite na: +386 31 255 900.<\/p>\n<p>Technical description: Full pallet orders only<\/p>\n","protected":false},"excerpt":{"rendered":"<p>Na spletu boste za to plo\u0161\u010dico od\u0161teli le 76 EUR, medtem ko v redni prodaji cena zna\u0161a 95 EUR. 8 mm je debelina, ki zadovolji tudi zahtevnej\u0161e kupce. Letos so plo\u0161\u010dice v beli barvi zelo za\u017eeljene. \u0160irina in dol\u017eina te plo\u0161\u010dice sta 22,5&#215;90 cm. White Gloss 22,5&#215;90 je pripeljana iz \u0160panije in je zelo kvalitetna. [&hellip;]<\/p>\n","protected":false},"featured_media":106876,"template":"","meta":[],"product_cat":[210,99921414,200,999],"product_tag":[],"_links":{"self":[{"href":"https:\/\/www.keramika.com\/slovenija\/wp-json\/wp\/v2\/product\/106875"}],"collection":[{"href":"https:\/\/www.keramika.com\/slovenija\/wp-json\/wp\/v2\/product"}],"about":[{"href":"https:\/\/www.keramika.com\/slovenija\/wp-json\/wp\/v2\/types\/product"}],"wp:featuredmedia":[{"embeddable":true,"href":"https:\/\/www.keramika.com\/slovenija\/wp-json\/wp\/v2\/media\/106876"}],"wp:attachment":[{"href":"https:\/\/www.keramika.com\/slovenija\/wp-json\/wp\/v2\/media?parent=106875"}],"wp:term":[{"taxonomy":"product_cat","embeddable":true,"href":"https:\/\/www.keramika.com\/slovenija\/wp-json\/wp\/v2\/product_cat?post=106875"},{"taxonomy":"product_tag","embeddable":true,"href":"https:\/\/www.keramika.com\/slovenija\/wp-json\/wp\/v2\/product_tag?post=106875"}],"curies":[{"name":"wp","href":"https:\/\/api.w.org\/{rel}","templated":true}]}}