{"id":106751,"date":"2017-03-23T01:54:40","date_gmt":"2017-03-23T01:54:40","guid":{"rendered":"http:\/\/keramika.holest.com\/slovenija\/product\/blanco-brillo-20x20\/"},"modified":"2026-01-04T00:03:40","modified_gmt":"2026-01-04T00:03:40","slug":"blanco-brillo-20x20","status":"publish","type":"product","link":"https:\/\/www.keramika.com\/slovenija\/blanco-brillo-20x20\/","title":{"rendered":"Blanco Brillo 20&#215;20"},"content":{"rendered":"<p>Blanco Brillo 20&#215;20 prihaja iz \u0160panije, ki je znana po zelo kvalitetni keramiki v svetovnem merilu. Z 20&#215;20 cm je ta plo\u0161\u010dica primerna za razli\u010dne podlage. Letos so plo\u0161\u010dice v beli barvi zelo za\u017eeljene. Redna cena te plo\u0161\u010dice v maloprodaji zna\u0161a 10,42 EUR, v na\u0161i spletni trgovini pa jo lahko dobite \u017ee za 8,34 EUR. Plo\u0161\u010dica je debela kar 8 mm, kar jo uvr\u0161\u010da med bolj trde plo\u0161\u010dice.<\/p>\n<p>Kliknite na ime kolekcije za ogled vseh plo\u0161\u010dic iz te serije: <a class=\"pdfcatal\" href=\"\/\/www.ceramictiles.com\/pdf\/e-ceramica\/blancos_catalogue.pdf\" onclick=\"recordOutboundLink(this, 'E-mail', 'Description PDF');return false;\">e-Ceramica White ceramic tiles<\/a><\/p>\n<p>\u010ce \u017eelite naro\u010diti model iz pdf kataloga te kolekcije, nam pi\u0161ite na: <a href=\"mailto:keramoteka.salon@gmail.com\" onclick=\"recordOutboundLink(this, 'E-mail', 'Description mail');return false;\">keramoteka.salon@gmail.com<\/a> ali pa nas pokli\u010dite na: +386 31 255 900.<\/p>\n<p>Technical description: Full pallet orders only<\/p>\n","protected":false},"excerpt":{"rendered":"<p>Blanco Brillo 20&#215;20 prihaja iz \u0160panije, ki je znana po zelo kvalitetni keramiki v svetovnem merilu. Z 20&#215;20 cm je ta plo\u0161\u010dica primerna za razli\u010dne podlage. Letos so plo\u0161\u010dice v beli barvi zelo za\u017eeljene. Redna cena te plo\u0161\u010dice v maloprodaji zna\u0161a 10,42 EUR, v na\u0161i spletni trgovini pa jo lahko dobite \u017ee za 8,34 EUR. [&hellip;]<\/p>\n","protected":false},"featured_media":106752,"template":"","meta":[],"product_cat":[210,99921414,200,999],"product_tag":[],"_links":{"self":[{"href":"https:\/\/www.keramika.com\/slovenija\/wp-json\/wp\/v2\/product\/106751"}],"collection":[{"href":"https:\/\/www.keramika.com\/slovenija\/wp-json\/wp\/v2\/product"}],"about":[{"href":"https:\/\/www.keramika.com\/slovenija\/wp-json\/wp\/v2\/types\/product"}],"wp:featuredmedia":[{"embeddable":true,"href":"https:\/\/www.keramika.com\/slovenija\/wp-json\/wp\/v2\/media\/106752"}],"wp:attachment":[{"href":"https:\/\/www.keramika.com\/slovenija\/wp-json\/wp\/v2\/media?parent=106751"}],"wp:term":[{"taxonomy":"product_cat","embeddable":true,"href":"https:\/\/www.keramika.com\/slovenija\/wp-json\/wp\/v2\/product_cat?post=106751"},{"taxonomy":"product_tag","embeddable":true,"href":"https:\/\/www.keramika.com\/slovenija\/wp-json\/wp\/v2\/product_tag?post=106751"}],"curies":[{"name":"wp","href":"https:\/\/api.w.org\/{rel}","templated":true}]}}