{"id":106585,"date":"2017-03-23T01:46:52","date_gmt":"2017-03-23T01:46:52","guid":{"rendered":"http:\/\/keramika.holest.com\/slovenija\/product\/dekorativne-ploscice-gibraltar-hexagono-mix\/"},"modified":"2026-01-04T00:03:24","modified_gmt":"2026-01-04T00:03:24","slug":"dekorativne-ploscice-gibraltar-hexagono-mix","status":"publish","type":"product","link":"https:\/\/www.keramika.com\/slovenija\/dekorativne-ploscice-gibraltar-hexagono-mix\/","title":{"rendered":"Dekorativne plo\u0161\u010dice Gibraltar Hexagono Mix"},"content":{"rendered":"<p>Plo\u0161\u010dica je debela kar 9 mm, kar jo uvr\u0161\u010da med bolj trde plo\u0161\u010dice. Gibraltar Hexagono Mix je pripeljana iz \u0160panije in je zelo kvalitetna. Plo\u0161\u010dica na sliki je velika 34&#215;34 cm. Na spletu boste za to plo\u0161\u010dico od\u0161teli le 9,66 EUR, medtem ko v redni prodaji cena zna\u0161a 12,08 EUR. Ta plo\u0161\u010dica je na voljo v \u010dudoviti rjavi barvi, \u010de \u017eelite kak\u0161no drugo barvo pa nas kontaktirajte in preverili bomo pri proizvajalcu.<\/p>\n<p>Kliknite na ime kolekcije za ogled vseh plo\u0161\u010dic iz te serije: <a class=\"pdfcatal\" href=\"\/\/www.ceramictiles.com\/pdf\/e-ceramica\/ceramic_tiles_catalogue.pdf\" onclick=\"recordOutboundLink(this, 'E-mail', 'Description PDF');return false;\">e-Ceramica Gibraltar Hexagono<\/a><\/p>\n<p>\u010ce \u017eelite naro\u010diti model iz pdf kataloga te kolekcije, nam pi\u0161ite na: <a href=\"mailto:keramoteka.salon@gmail.com\" onclick=\"recordOutboundLink(this, 'E-mail', 'Description mail');return false;\">keramoteka.salon@gmail.com<\/a> ali pa nas pokli\u010dite na: +386 31 255 900.<\/p>\n<p>Technical description: Full pallet orders only<\/p>\n","protected":false},"excerpt":{"rendered":"<p>Plo\u0161\u010dica je debela kar 9 mm, kar jo uvr\u0161\u010da med bolj trde plo\u0161\u010dice. Gibraltar Hexagono Mix je pripeljana iz \u0160panije in je zelo kvalitetna. Plo\u0161\u010dica na sliki je velika 34&#215;34 cm. Na spletu boste za to plo\u0161\u010dico od\u0161teli le 9,66 EUR, medtem ko v redni prodaji cena zna\u0161a 12,08 EUR. Ta plo\u0161\u010dica je na voljo [&hellip;]<\/p>\n","protected":false},"featured_media":106586,"template":"","meta":[],"product_cat":[210,99921414,200,999],"product_tag":[99921974,99921970],"_links":{"self":[{"href":"https:\/\/www.keramika.com\/slovenija\/wp-json\/wp\/v2\/product\/106585"}],"collection":[{"href":"https:\/\/www.keramika.com\/slovenija\/wp-json\/wp\/v2\/product"}],"about":[{"href":"https:\/\/www.keramika.com\/slovenija\/wp-json\/wp\/v2\/types\/product"}],"wp:featuredmedia":[{"embeddable":true,"href":"https:\/\/www.keramika.com\/slovenija\/wp-json\/wp\/v2\/media\/106586"}],"wp:attachment":[{"href":"https:\/\/www.keramika.com\/slovenija\/wp-json\/wp\/v2\/media?parent=106585"}],"wp:term":[{"taxonomy":"product_cat","embeddable":true,"href":"https:\/\/www.keramika.com\/slovenija\/wp-json\/wp\/v2\/product_cat?post=106585"},{"taxonomy":"product_tag","embeddable":true,"href":"https:\/\/www.keramika.com\/slovenija\/wp-json\/wp\/v2\/product_tag?post=106585"}],"curies":[{"name":"wp","href":"https:\/\/api.w.org\/{rel}","templated":true}]}}