{"id":106217,"date":"2017-03-23T01:25:56","date_gmt":"2017-03-23T01:25:56","guid":{"rendered":"http:\/\/keramika.holest.com\/slovenija\/product\/stenske-ploscice-halcon-blanco-pb-rect-brillo\/"},"modified":"2026-01-04T00:02:41","modified_gmt":"2026-01-04T00:02:41","slug":"stenske-ploscice-halcon-blanco-pb-rect-brillo","status":"publish","type":"product","link":"https:\/\/www.keramika.com\/slovenija\/stenske-ploscice-halcon-blanco-pb-rect-brillo\/","title":{"rendered":"Stenske plo\u0161\u010dice Halcon Blanco Pb Rect Brillo"},"content":{"rendered":"<p>Plo\u0161\u010dica na sliki je velika 30&#215;90 cm. Halcon Blanco Pb Rect Brillo je pripeljana iz \u0160panije in je zelo kvalitetna. Zelo moderna plo\u0161\u010dica v beli barvi popestri prav vsak prostor. Na spletu boste za to plo\u0161\u010dico od\u0161teli le 31,39 EUR, medtem ko v redni prodaji cena zna\u0161a 39,24 EUR. 9 mm je debelina, ki zadovolji tudi zahtevnej\u0161e kupce.<\/p>\n<p>Kliknite na ime kolekcije za ogled vseh plo\u0161\u010dic iz te serije: <a class=\"pdfcatal\" href=\"\/\/www.ceramictiles.com\/pdf\/halcon\/catalogue_halcon_blanco_pb_rect.pdf\" onclick=\"recordOutboundLink(this, 'E-mail', 'Description PDF');return false;\">Halcon Ceramicas Blanco Pb Rect<\/a><\/p>\n<p>\u010ce \u017eelite naro\u010diti model iz pdf kataloga te kolekcije, nam pi\u0161ite na: <a href=\"mailto:keramoteka.salon@gmail.com\" onclick=\"recordOutboundLink(this, 'E-mail', 'Description mail');return false;\">keramoteka.salon@gmail.com<\/a> ali pa nas pokli\u010dite na: +386 31 255 900.<\/p>\n<p>Keramika v beli barvi ima na voljo mat ali sijajno povr\u0161ino, kateri se zelo lepo poda pripadajo\u010da dekorativna plo\u0161\u010dica.<\/p>\n","protected":false},"excerpt":{"rendered":"<p>Plo\u0161\u010dica na sliki je velika 30&#215;90 cm. Halcon Blanco Pb Rect Brillo je pripeljana iz \u0160panije in je zelo kvalitetna. Zelo moderna plo\u0161\u010dica v beli barvi popestri prav vsak prostor. Na spletu boste za to plo\u0161\u010dico od\u0161teli le 31,39 EUR, medtem ko v redni prodaji cena zna\u0161a 39,24 EUR. 9 mm je debelina, ki zadovolji [&hellip;]<\/p>\n","protected":false},"featured_media":106218,"template":"","meta":[],"product_cat":[99946,200,999],"product_tag":[],"_links":{"self":[{"href":"https:\/\/www.keramika.com\/slovenija\/wp-json\/wp\/v2\/product\/106217"}],"collection":[{"href":"https:\/\/www.keramika.com\/slovenija\/wp-json\/wp\/v2\/product"}],"about":[{"href":"https:\/\/www.keramika.com\/slovenija\/wp-json\/wp\/v2\/types\/product"}],"wp:featuredmedia":[{"embeddable":true,"href":"https:\/\/www.keramika.com\/slovenija\/wp-json\/wp\/v2\/media\/106218"}],"wp:attachment":[{"href":"https:\/\/www.keramika.com\/slovenija\/wp-json\/wp\/v2\/media?parent=106217"}],"wp:term":[{"taxonomy":"product_cat","embeddable":true,"href":"https:\/\/www.keramika.com\/slovenija\/wp-json\/wp\/v2\/product_cat?post=106217"},{"taxonomy":"product_tag","embeddable":true,"href":"https:\/\/www.keramika.com\/slovenija\/wp-json\/wp\/v2\/product_tag?post=106217"}],"curies":[{"name":"wp","href":"https:\/\/api.w.org\/{rel}","templated":true}]}}