{"id":106103,"date":"2017-03-23T01:20:14","date_gmt":"2017-03-23T01:20:14","guid":{"rendered":"http:\/\/keramika.holest.com\/slovenija\/product\/stekleni-mozaik-vidrepur-impressions-edna-travertino-beige-mt\/"},"modified":"2026-01-04T00:02:29","modified_gmt":"2026-01-04T00:02:29","slug":"stekleni-mozaik-vidrepur-impressions-edna-travertino-beige-mt","status":"publish","type":"product","link":"https:\/\/www.keramika.com\/slovenija\/stekleni-mozaik-vidrepur-impressions-edna-travertino-beige-mt\/","title":{"rendered":"Stekleni mozaik Vidrepur Impressions Edna Travertino Beige MT"},"content":{"rendered":"<p>108 EUR v klasi\u010dni trgovini, pri nas pa le 86,4 EUR. Ta mozaik je debel 5 mm in je zelo trpe\u017een. Prihaja iz \u0160panije, ki po svetu slovi kot ena bolj\u0161ih proizvajalk kerami\u010dnih plo\u0161\u010dic. Letos so mozaiki v be\u017e barvi zelo za\u017eeljeni. Z 25&#215;25 cm je mre\u017ea na katero so pripete te mozaik plo\u0161\u010dice primerna za razli\u010dne podlage.<\/p>\n<p>Technical description: <\/p>\n<p>Min. 1 box &#8211; Delivery 30 Euro\/box in EU<\/p>\n","protected":false},"excerpt":{"rendered":"<p>108 EUR v klasi\u010dni trgovini, pri nas pa le 86,4 EUR. Ta mozaik je debel 5 mm in je zelo trpe\u017een. Prihaja iz \u0160panije, ki po svetu slovi kot ena bolj\u0161ih proizvajalk kerami\u010dnih plo\u0161\u010dic. Letos so mozaiki v be\u017e barvi zelo za\u017eeljeni. Z 25&#215;25 cm je mre\u017ea na katero so pripete te mozaik plo\u0161\u010dice primerna [&hellip;]<\/p>\n","protected":false},"featured_media":106104,"template":"","meta":[],"product_cat":[999,9991712],"product_tag":[],"_links":{"self":[{"href":"https:\/\/www.keramika.com\/slovenija\/wp-json\/wp\/v2\/product\/106103"}],"collection":[{"href":"https:\/\/www.keramika.com\/slovenija\/wp-json\/wp\/v2\/product"}],"about":[{"href":"https:\/\/www.keramika.com\/slovenija\/wp-json\/wp\/v2\/types\/product"}],"wp:featuredmedia":[{"embeddable":true,"href":"https:\/\/www.keramika.com\/slovenija\/wp-json\/wp\/v2\/media\/106104"}],"wp:attachment":[{"href":"https:\/\/www.keramika.com\/slovenija\/wp-json\/wp\/v2\/media?parent=106103"}],"wp:term":[{"taxonomy":"product_cat","embeddable":true,"href":"https:\/\/www.keramika.com\/slovenija\/wp-json\/wp\/v2\/product_cat?post=106103"},{"taxonomy":"product_tag","embeddable":true,"href":"https:\/\/www.keramika.com\/slovenija\/wp-json\/wp\/v2\/product_tag?post=106103"}],"curies":[{"name":"wp","href":"https:\/\/api.w.org\/{rel}","templated":true}]}}