{"id":106099,"date":"2017-03-23T01:20:04","date_gmt":"2017-03-23T01:20:04","guid":{"rendered":"http:\/\/keramika.holest.com\/slovenija\/product\/stekleni-mozaik-vidrepur-impressions-medina-blue\/"},"modified":"2026-01-04T00:02:28","modified_gmt":"2026-01-04T00:02:28","slug":"stekleni-mozaik-vidrepur-impressions-medina-blue","status":"publish","type":"product","link":"https:\/\/www.keramika.com\/slovenija\/stekleni-mozaik-vidrepur-impressions-medina-blue\/","title":{"rendered":"Stekleni mozaik Vidrepur Impressions Medina Blue"},"content":{"rendered":"<p>Z 25&#215;25 cm je mre\u017ea na katero so pripete te mozaik plo\u0161\u010dice primerna za razli\u010dne podlage. Ta mozaik je debel 5 mm in je zelo trpe\u017een. Vidrepur Impressions Medina Blue je na voljo po zelo ugodni ceni 72 EUR. Keramika v beli barvi popestri vsak prostor. Vidrepur Impressions Medina Blue je pripeljana iz \u0160panije in je zelo kvalitetna.<\/p>\n<p>Technical description: <\/p>\n<p>Min. 1 box &#8211; Delivery 30 Euro\/box in EU<\/p>\n","protected":false},"excerpt":{"rendered":"<p>Z 25&#215;25 cm je mre\u017ea na katero so pripete te mozaik plo\u0161\u010dice primerna za razli\u010dne podlage. Ta mozaik je debel 5 mm in je zelo trpe\u017een. Vidrepur Impressions Medina Blue je na voljo po zelo ugodni ceni 72 EUR. Keramika v beli barvi popestri vsak prostor. Vidrepur Impressions Medina Blue je pripeljana iz \u0160panije in [&hellip;]<\/p>\n","protected":false},"featured_media":106100,"template":"","meta":[],"product_cat":[999,9991712],"product_tag":[],"_links":{"self":[{"href":"https:\/\/www.keramika.com\/slovenija\/wp-json\/wp\/v2\/product\/106099"}],"collection":[{"href":"https:\/\/www.keramika.com\/slovenija\/wp-json\/wp\/v2\/product"}],"about":[{"href":"https:\/\/www.keramika.com\/slovenija\/wp-json\/wp\/v2\/types\/product"}],"wp:featuredmedia":[{"embeddable":true,"href":"https:\/\/www.keramika.com\/slovenija\/wp-json\/wp\/v2\/media\/106100"}],"wp:attachment":[{"href":"https:\/\/www.keramika.com\/slovenija\/wp-json\/wp\/v2\/media?parent=106099"}],"wp:term":[{"taxonomy":"product_cat","embeddable":true,"href":"https:\/\/www.keramika.com\/slovenija\/wp-json\/wp\/v2\/product_cat?post=106099"},{"taxonomy":"product_tag","embeddable":true,"href":"https:\/\/www.keramika.com\/slovenija\/wp-json\/wp\/v2\/product_tag?post=106099"}],"curies":[{"name":"wp","href":"https:\/\/api.w.org\/{rel}","templated":true}]}}