{"id":105975,"date":"2017-03-23T01:14:27","date_gmt":"2017-03-23T01:14:27","guid":{"rendered":"http:\/\/keramika.holest.com\/slovenija\/product\/talne-ploscice-aparici-opulence-beige\/"},"modified":"2017-03-23T01:14:27","modified_gmt":"2017-03-23T01:14:27","slug":"talne-ploscice-aparici-opulence-beige","status":"publish","type":"product","link":"https:\/\/www.keramika.com\/slovenija\/talne-ploscice-aparici-opulence-beige\/","title":{"rendered":"Talne plo\u0161\u010dice Aparici Opulence Beige"},"content":{"rendered":"<p>Dimenzije te plo\u0161\u010dice so 100&#215;100 cm. Zelo moderna plo\u0161\u010dica v be\u017e barvi popestri prav vsak prostor. Debelina kar 12 mm dela to plo\u0161\u010dico zelo trpe\u017eno in presti\u017eno na otip. Aparici Opulence Beige je pripeljana iz \u0160panije in je zelo kvalitetna.<\/p>\n<p>Kliknite na ime kolekcije za ogled vseh plo\u0161\u010dic iz te serije: <a class=\"pdfcatal\" href=\"\/\/www.ceramictiles.com\/pdf\/aparici\/catalogue_aparici_opulence.pdf\" onclick=\"recordOutboundLink(this, 'E-mail', 'Description PDF');return false;\">Aparici Opulence<\/a><\/p>\n<p>\u010ce \u017eelite naro\u010diti model iz pdf kataloga te kolekcije, nam pi\u0161ite na: <a href=\"mailto:keramoteka.salon@gmail.com\" onclick=\"recordOutboundLink(this, 'E-mail', 'Description mail');return false;\">keramoteka.salon@gmail.com<\/a> ali pa nas pokli\u010dite na: +386 31 255 900.<\/p>\n<p>Porcelan talna keramika<\/p>\n<p>Technical description: 89,46&#215;89,46<\/p>\n","protected":false},"excerpt":{"rendered":"<p>Dimenzije te plo\u0161\u010dice so 100&#215;100 cm. Zelo moderna plo\u0161\u010dica v be\u017e barvi popestri prav vsak prostor. Debelina kar 12 mm dela to plo\u0161\u010dico zelo trpe\u017eno in presti\u017eno na otip. Aparici Opulence Beige je pripeljana iz \u0160panije in je zelo kvalitetna. Kliknite na ime kolekcije za ogled vseh plo\u0161\u010dic iz te serije: Aparici Opulence \u010ce \u017eelite [&hellip;]<\/p>\n","protected":false},"featured_media":105976,"template":"","meta":[],"product_cat":[99,999773,999],"product_tag":[],"_links":{"self":[{"href":"https:\/\/www.keramika.com\/slovenija\/wp-json\/wp\/v2\/product\/105975"}],"collection":[{"href":"https:\/\/www.keramika.com\/slovenija\/wp-json\/wp\/v2\/product"}],"about":[{"href":"https:\/\/www.keramika.com\/slovenija\/wp-json\/wp\/v2\/types\/product"}],"wp:featuredmedia":[{"embeddable":true,"href":"https:\/\/www.keramika.com\/slovenija\/wp-json\/wp\/v2\/media\/105976"}],"wp:attachment":[{"href":"https:\/\/www.keramika.com\/slovenija\/wp-json\/wp\/v2\/media?parent=105975"}],"wp:term":[{"taxonomy":"product_cat","embeddable":true,"href":"https:\/\/www.keramika.com\/slovenija\/wp-json\/wp\/v2\/product_cat?post=105975"},{"taxonomy":"product_tag","embeddable":true,"href":"https:\/\/www.keramika.com\/slovenija\/wp-json\/wp\/v2\/product_tag?post=105975"}],"curies":[{"name":"wp","href":"https:\/\/api.w.org\/{rel}","templated":true}]}}