{"id":105961,"date":"2017-03-23T01:13:48","date_gmt":"2017-03-23T01:13:48","guid":{"rendered":"http:\/\/keramika.holest.com\/slovenija\/product\/ploscice-za-kopalnico-aparici-lineage-ivory\/"},"modified":"2017-03-23T01:13:48","modified_gmt":"2017-03-23T01:13:48","slug":"ploscice-za-kopalnico-aparici-lineage-ivory","status":"publish","type":"product","link":"https:\/\/www.keramika.com\/slovenija\/ploscice-za-kopalnico-aparici-lineage-ivory\/","title":{"rendered":"Plo\u0161\u010dice za kopalnico Aparici Lineage Ivory"},"content":{"rendered":"<p>Aparici Lineage Ivory prihaja iz \u0160panije, ki je znana po zelo kvalitetni keramiki v svetovnem merilu. 10 mm debeline je dovolj tudi za zahtevnej\u0161e kupce. Letos so plo\u0161\u010dice v be\u017e barvi zelo za\u017eeljene. \u0160irina in dol\u017eina te plo\u0161\u010dice sta 20&#215;59,2 cm.<\/p>\n<p>Kliknite na ime kolekcije za ogled vseh plo\u0161\u010dic iz te serije: <a class=\"pdfcatal\" href=\"\/\/www.ceramictiles.com\/pdf\/aparici\/catalogue_aparici_lineage.pdf\" onclick=\"recordOutboundLink(this, 'E-mail', 'Description PDF');return false;\">Aparici Lineage<\/a><\/p>\n<p>\u010ce \u017eelite naro\u010diti model iz pdf kataloga te kolekcije, nam pi\u0161ite na: <a href=\"mailto:keramoteka.salon@gmail.com\" onclick=\"recordOutboundLink(this, 'E-mail', 'Description mail');return false;\">keramoteka.salon@gmail.com<\/a> ali pa nas pokli\u010dite na: +386 31 255 900.<\/p>\n<p>Elegantna kopalni\u0161ka keramika<\/p>\n","protected":false},"excerpt":{"rendered":"<p>Aparici Lineage Ivory prihaja iz \u0160panije, ki je znana po zelo kvalitetni keramiki v svetovnem merilu. 10 mm debeline je dovolj tudi za zahtevnej\u0161e kupce. Letos so plo\u0161\u010dice v be\u017e barvi zelo za\u017eeljene. \u0160irina in dol\u017eina te plo\u0161\u010dice sta 20&#215;59,2 cm. Kliknite na ime kolekcije za ogled vseh plo\u0161\u010dic iz te serije: Aparici Lineage \u010ce [&hellip;]<\/p>\n","protected":false},"featured_media":105962,"template":"","meta":[],"product_cat":[99,999773,999],"product_tag":[],"_links":{"self":[{"href":"https:\/\/www.keramika.com\/slovenija\/wp-json\/wp\/v2\/product\/105961"}],"collection":[{"href":"https:\/\/www.keramika.com\/slovenija\/wp-json\/wp\/v2\/product"}],"about":[{"href":"https:\/\/www.keramika.com\/slovenija\/wp-json\/wp\/v2\/types\/product"}],"wp:featuredmedia":[{"embeddable":true,"href":"https:\/\/www.keramika.com\/slovenija\/wp-json\/wp\/v2\/media\/105962"}],"wp:attachment":[{"href":"https:\/\/www.keramika.com\/slovenija\/wp-json\/wp\/v2\/media?parent=105961"}],"wp:term":[{"taxonomy":"product_cat","embeddable":true,"href":"https:\/\/www.keramika.com\/slovenija\/wp-json\/wp\/v2\/product_cat?post=105961"},{"taxonomy":"product_tag","embeddable":true,"href":"https:\/\/www.keramika.com\/slovenija\/wp-json\/wp\/v2\/product_tag?post=105961"}],"curies":[{"name":"wp","href":"https:\/\/api.w.org\/{rel}","templated":true}]}}